{"id":27304,"date":"2019-08-07T09:57:03","date_gmt":"2019-10-04T14:48:20","guid":{"rendered":"https:\/\/www.invicta.fr\/produit\/altara-plug-in-auto-izquierda\/"},"modified":"2022-06-24T14:47:49","modified_gmt":"2022-06-24T12:47:49","slug":"altara-plug-in-auto-izquierda-estufa-de-pellets","status":"publish","type":"product","link":"https:\/\/www.invicta.fr\/es\/produit\/altara-plug-in-auto-izquierda-estufa-de-pellets\/","title":{"rendered":"Altara Plug-IN AUTO Izquierda &#8211; Estufa de pellets"},"content":{"rendered":"<p><iframe title=\"PLUGIN 2018 - Invicta\" width=\"500\" height=\"281\" src=\"https:\/\/www.youtube.com\/embed\/6SvXiUP1vkc?feature=oembed\" frameborder=\"0\" allow=\"accelerometer; autoplay; clipboard-write; encrypted-media; gyroscope; picture-in-picture; web-share\" referrerpolicy=\"strict-origin-when-cross-origin\" allowfullscreen><\/iframe><\/p>\n","protected":false},"excerpt":{"rendered":"<p>Con esta nueva generaci\u00f3n de estufas de pellets, disfrute con total tranquilidad de la est\u00e9tica y el calor natural de la estufa de hierro fundido Altara. Acompa\u00f1ada por un dep\u00f3sito mural de 21 kg, la estufa Altara Plug-IN lleva el dise\u00f1o y el confort t\u00e9rmico a su hogar.<\/p>\n","protected":false},"featured_media":0,"template":"","meta":{"_acf_changed":false},"product_brand":[],"product_cat":[2293,2308,6451,6448,6614,6456,6450,6449],"product_tag":[2323,2301,2303,2317,2306,2375,2322,6391,2320,6833,6677,6845],"plus_produit":[2287,2286,2294,2371,6841,6553,2300,2309,2312],"class_list":{"1":"product","5":"product_cat-ayuda-en-la-eleccion","6":"product_cat-plug-in-estufas-de-pellets-de-nueva-generacion","7":"product_cat-estufas-de-pellet-autonomas","8":"product_cat-estufas-de-pellets-programables","9":"product_cat-diseno-de-estufas-de-pellets","10":"product_cat-estufas-de-pellets-contemporaneas","11":"product_cat-estufas-de-pellets-modernas","12":"product_cat-estufas-de-pellet-redondas","13":"product_tag-plug-in-es","14":"product_tag-flamme-verte-7","15":"product_tag-eco-design-2022-es","16":"product_tag-ecoetiqueta-a","17":"product_tag-hecho-en-francia","18":"product_tag-completamente-automatica","19":"product_tag-silencioso-de-conveccion-natural","20":"product_tag-wi-fi-option","21":"product_tag-garantia-de-2-anos","22":"product_tag-y-garantie-extension-1an-esp","23":"product_tag-impuesto-de-credito-z-es","24":"product_tag-z-reserve-pros-esp","25":"pa_autonomie-maximum-30-horas-es","26":"pa_autonomie-minimum-11-horas","27":"pa_depart-des-fumees-por-la-parte-superior-del-deposito-situado-a-la-izquierda","28":"pa_diametre-de-buse-80-mm-es","29":"pa_puissance-8-kw-es","30":"plus_produit-aire-secundario-regulable","31":"plus_produit-aparato-silencioso-de-conveccion-natural","32":"plus_produit-control-de-la-potencia-5-o-de-la-temperatura-ambiente","33":"plus_produit-encendido-y-apagado-automaticos","34":"plus_produit-extension-de-garantie-1-an-esp","35":"plus_produit-kit-wifi-opcional","36":"plus_produit-modulo-tecnico-mural-innovador","37":"plus_produit-posibilidad-de-control-por-termostato-externo-no-incluido","38":"plus_produit-programacion-horaria","40":"first","41":"instock","42":"product-type-simple"},"acf":[],"yoast_head":"<!-- This site is optimized with the Yoast SEO plugin v24.7 - https:\/\/yoast.com\/wordpress\/plugins\/seo\/ -->\n<title>Altara Plug-IN AUTO Izquierda - Estufa de pellets - Invicta<\/title>\n<meta name=\"description\" content=\"Con esta nueva generaci\u00f3n de estufas de pellets, disfrute con total tranquilidad de la est\u00e9tica y el calor natural de la estufa de hierro fundido Altara. Acompa\u00f1ada por un dep\u00f3sito mural de 21 kg, la estufa Altara Plug-IN lleva el dise\u00f1o y el confort t\u00e9rmico a su hogar.\" \/>\n<meta name=\"robots\" content=\"index, follow, max-snippet:-1, max-image-preview:large, max-video-preview:-1\" \/>\n<link rel=\"canonical\" href=\"https:\/\/www.invicta.fr\/es\/produit\/altara-plug-in-auto-izquierda-estufa-de-pellets\/\" \/>\n<meta property=\"og:locale\" content=\"es_ES\" \/>\n<meta property=\"og:type\" content=\"article\" \/>\n<meta property=\"og:title\" content=\"Altara Plug-IN AUTO Izquierda - Estufa de pellets - Invicta\" \/>\n<meta property=\"og:description\" content=\"Con esta nueva generaci\u00f3n de estufas de pellets, disfrute con total tranquilidad de la est\u00e9tica y el calor natural de la estufa de hierro fundido Altara. Acompa\u00f1ada por un dep\u00f3sito mural de 21 kg, la estufa Altara Plug-IN lleva el dise\u00f1o y el confort t\u00e9rmico a su hogar.\" \/>\n<meta property=\"og:url\" content=\"https:\/\/www.invicta.fr\/es\/produit\/altara-plug-in-auto-izquierda-estufa-de-pellets\/\" \/>\n<meta property=\"og:site_name\" content=\"Invicta\" \/>\n<meta property=\"article:modified_time\" content=\"2022-06-24T12:47:49+00:00\" \/>\n<meta name=\"twitter:card\" content=\"summary_large_image\" \/>\n<script type=\"application\/ld+json\" class=\"yoast-schema-graph\">{\"@context\":\"https:\/\/schema.org\",\"@graph\":[{\"@type\":\"WebPage\",\"@id\":\"https:\/\/www.invicta.fr\/es\/produit\/altara-plug-in-auto-izquierda-estufa-de-pellets\/\",\"url\":\"https:\/\/www.invicta.fr\/es\/produit\/altara-plug-in-auto-izquierda-estufa-de-pellets\/\",\"name\":\"Altara Plug-IN AUTO Izquierda - Estufa de pellets - Invicta\",\"isPartOf\":{\"@id\":\"https:\/\/www.invicta.fr\/es\/#website\"},\"datePublished\":\"2019-10-04T14:48:20+00:00\",\"dateModified\":\"2022-06-24T12:47:49+00:00\",\"description\":\"Con esta nueva generaci\u00f3n de estufas de pellets, disfrute con total tranquilidad de la est\u00e9tica y el calor natural de la estufa de hierro fundido Altara. Acompa\u00f1ada por un dep\u00f3sito mural de 21 kg, la estufa Altara Plug-IN lleva el dise\u00f1o y el confort t\u00e9rmico a su hogar.\",\"breadcrumb\":{\"@id\":\"https:\/\/www.invicta.fr\/es\/produit\/altara-plug-in-auto-izquierda-estufa-de-pellets\/#breadcrumb\"},\"inLanguage\":\"es\",\"potentialAction\":[{\"@type\":\"ReadAction\",\"target\":[\"https:\/\/www.invicta.fr\/es\/produit\/altara-plug-in-auto-izquierda-estufa-de-pellets\/\"]}]},{\"@type\":\"BreadcrumbList\",\"@id\":\"https:\/\/www.invicta.fr\/es\/produit\/altara-plug-in-auto-izquierda-estufa-de-pellets\/#breadcrumb\",\"itemListElement\":[{\"@type\":\"ListItem\",\"position\":1,\"name\":\"Inicio\",\"item\":\"https:\/\/www.invicta.fr\/es\/\"},{\"@type\":\"ListItem\",\"position\":2,\"name\":\"Productos\",\"item\":\"https:\/\/www.invicta.fr\/es\/shop\/\"},{\"@type\":\"ListItem\",\"position\":3,\"name\":\"Estufas de pellets\",\"item\":\"https:\/\/www.invicta.fr\/es\/categorie-produit\/estufas-de-pellets-es\/\"},{\"@type\":\"ListItem\",\"position\":4,\"name\":\"Plug-in, dise\u00f1o e innovaci\u00f3n\",\"item\":\"https:\/\/www.invicta.fr\/es\/categorie-produit\/estufas-de-pellets-es\/plug-in-estufas-de-pellets-de-nueva-generacion\/\"},{\"@type\":\"ListItem\",\"position\":5,\"name\":\"Altara Plug-IN AUTO Izquierda &#8211; Estufa de pellets\"}]},{\"@type\":\"WebSite\",\"@id\":\"https:\/\/www.invicta.fr\/es\/#website\",\"url\":\"https:\/\/www.invicta.fr\/es\/\",\"name\":\"Invicta\",\"description\":\"Fabricant fran\u00e7ais, sp\u00e9cialiste europ\u00e9en du chauffage au bois : po\u00eales \u00e0 bois et \u00e0 granul\u00e9s, chemin\u00e9es, foyers et inserts\",\"publisher\":{\"@id\":\"https:\/\/www.invicta.fr\/es\/#organization\"},\"potentialAction\":[{\"@type\":\"SearchAction\",\"target\":{\"@type\":\"EntryPoint\",\"urlTemplate\":\"https:\/\/www.invicta.fr\/es\/?s={search_term_string}\"},\"query-input\":{\"@type\":\"PropertyValueSpecification\",\"valueRequired\":true,\"valueName\":\"search_term_string\"}}],\"inLanguage\":\"es\"},{\"@type\":\"Organization\",\"@id\":\"https:\/\/www.invicta.fr\/es\/#organization\",\"name\":\"Invicta\",\"url\":\"https:\/\/www.invicta.fr\/es\/\",\"logo\":{\"@type\":\"ImageObject\",\"inLanguage\":\"es\",\"@id\":\"https:\/\/www.invicta.fr\/es\/#\/schema\/logo\/image\/\",\"url\":\"https:\/\/www.invicta.fr\/wp-content\/uploads\/2019\/06\/INVICTALOGO_RVB.png\",\"contentUrl\":\"https:\/\/www.invicta.fr\/wp-content\/uploads\/2019\/06\/INVICTALOGO_RVB.png\",\"width\":1810,\"height\":1280,\"caption\":\"Invicta\"},\"image\":{\"@id\":\"https:\/\/www.invicta.fr\/es\/#\/schema\/logo\/image\/\"}}]}<\/script>\n<!-- \/ Yoast SEO plugin. -->","yoast_head_json":{"title":"Altara Plug-IN AUTO Izquierda - Estufa de pellets - Invicta","description":"Con esta nueva generaci\u00f3n de estufas de pellets, disfrute con total tranquilidad de la est\u00e9tica y el calor natural de la estufa de hierro fundido Altara. Acompa\u00f1ada por un dep\u00f3sito mural de 21 kg, la estufa Altara Plug-IN lleva el dise\u00f1o y el confort t\u00e9rmico a su hogar.","robots":{"index":"index","follow":"follow","max-snippet":"max-snippet:-1","max-image-preview":"max-image-preview:large","max-video-preview":"max-video-preview:-1"},"canonical":"https:\/\/www.invicta.fr\/es\/produit\/altara-plug-in-auto-izquierda-estufa-de-pellets\/","og_locale":"es_ES","og_type":"article","og_title":"Altara Plug-IN AUTO Izquierda - Estufa de pellets - Invicta","og_description":"Con esta nueva generaci\u00f3n de estufas de pellets, disfrute con total tranquilidad de la est\u00e9tica y el calor natural de la estufa de hierro fundido Altara. Acompa\u00f1ada por un dep\u00f3sito mural de 21 kg, la estufa Altara Plug-IN lleva el dise\u00f1o y el confort t\u00e9rmico a su hogar.","og_url":"https:\/\/www.invicta.fr\/es\/produit\/altara-plug-in-auto-izquierda-estufa-de-pellets\/","og_site_name":"Invicta","article_modified_time":"2022-06-24T12:47:49+00:00","twitter_card":"summary_large_image","schema":{"@context":"https:\/\/schema.org","@graph":[{"@type":"WebPage","@id":"https:\/\/www.invicta.fr\/es\/produit\/altara-plug-in-auto-izquierda-estufa-de-pellets\/","url":"https:\/\/www.invicta.fr\/es\/produit\/altara-plug-in-auto-izquierda-estufa-de-pellets\/","name":"Altara Plug-IN AUTO Izquierda - Estufa de pellets - Invicta","isPartOf":{"@id":"https:\/\/www.invicta.fr\/es\/#website"},"datePublished":"2019-10-04T14:48:20+00:00","dateModified":"2022-06-24T12:47:49+00:00","description":"Con esta nueva generaci\u00f3n de estufas de pellets, disfrute con total tranquilidad de la est\u00e9tica y el calor natural de la estufa de hierro fundido Altara. Acompa\u00f1ada por un dep\u00f3sito mural de 21 kg, la estufa Altara Plug-IN lleva el dise\u00f1o y el confort t\u00e9rmico a su hogar.","breadcrumb":{"@id":"https:\/\/www.invicta.fr\/es\/produit\/altara-plug-in-auto-izquierda-estufa-de-pellets\/#breadcrumb"},"inLanguage":"es","potentialAction":[{"@type":"ReadAction","target":["https:\/\/www.invicta.fr\/es\/produit\/altara-plug-in-auto-izquierda-estufa-de-pellets\/"]}]},{"@type":"BreadcrumbList","@id":"https:\/\/www.invicta.fr\/es\/produit\/altara-plug-in-auto-izquierda-estufa-de-pellets\/#breadcrumb","itemListElement":[{"@type":"ListItem","position":1,"name":"Inicio","item":"https:\/\/www.invicta.fr\/es\/"},{"@type":"ListItem","position":2,"name":"Productos","item":"https:\/\/www.invicta.fr\/es\/shop\/"},{"@type":"ListItem","position":3,"name":"Estufas de pellets","item":"https:\/\/www.invicta.fr\/es\/categorie-produit\/estufas-de-pellets-es\/"},{"@type":"ListItem","position":4,"name":"Plug-in, dise\u00f1o e innovaci\u00f3n","item":"https:\/\/www.invicta.fr\/es\/categorie-produit\/estufas-de-pellets-es\/plug-in-estufas-de-pellets-de-nueva-generacion\/"},{"@type":"ListItem","position":5,"name":"Altara Plug-IN AUTO Izquierda &#8211; Estufa de pellets"}]},{"@type":"WebSite","@id":"https:\/\/www.invicta.fr\/es\/#website","url":"https:\/\/www.invicta.fr\/es\/","name":"Invicta","description":"Fabricant fran\u00e7ais, sp\u00e9cialiste europ\u00e9en du chauffage au bois : po\u00eales \u00e0 bois et \u00e0 granul\u00e9s, chemin\u00e9es, foyers et inserts","publisher":{"@id":"https:\/\/www.invicta.fr\/es\/#organization"},"potentialAction":[{"@type":"SearchAction","target":{"@type":"EntryPoint","urlTemplate":"https:\/\/www.invicta.fr\/es\/?s={search_term_string}"},"query-input":{"@type":"PropertyValueSpecification","valueRequired":true,"valueName":"search_term_string"}}],"inLanguage":"es"},{"@type":"Organization","@id":"https:\/\/www.invicta.fr\/es\/#organization","name":"Invicta","url":"https:\/\/www.invicta.fr\/es\/","logo":{"@type":"ImageObject","inLanguage":"es","@id":"https:\/\/www.invicta.fr\/es\/#\/schema\/logo\/image\/","url":"https:\/\/www.invicta.fr\/wp-content\/uploads\/2019\/06\/INVICTALOGO_RVB.png","contentUrl":"https:\/\/www.invicta.fr\/wp-content\/uploads\/2019\/06\/INVICTALOGO_RVB.png","width":1810,"height":1280,"caption":"Invicta"},"image":{"@id":"https:\/\/www.invicta.fr\/es\/#\/schema\/logo\/image\/"}}]}},"_links":{"self":[{"href":"https:\/\/www.invicta.fr\/es\/wp-json\/wp\/v2\/product\/27304","targetHints":{"allow":["GET"]}}],"collection":[{"href":"https:\/\/www.invicta.fr\/es\/wp-json\/wp\/v2\/product"}],"about":[{"href":"https:\/\/www.invicta.fr\/es\/wp-json\/wp\/v2\/types\/product"}],"wp:attachment":[{"href":"https:\/\/www.invicta.fr\/es\/wp-json\/wp\/v2\/media?parent=27304"}],"wp:term":[{"taxonomy":"product_brand","embeddable":true,"href":"https:\/\/www.invicta.fr\/es\/wp-json\/wp\/v2\/product_brand?post=27304"},{"taxonomy":"product_cat","embeddable":true,"href":"https:\/\/www.invicta.fr\/es\/wp-json\/wp\/v2\/product_cat?post=27304"},{"taxonomy":"product_tag","embeddable":true,"href":"https:\/\/www.invicta.fr\/es\/wp-json\/wp\/v2\/product_tag?post=27304"},{"taxonomy":"plus_produit","embeddable":true,"href":"https:\/\/www.invicta.fr\/es\/wp-json\/wp\/v2\/plus_produit?post=27304"}],"curies":[{"name":"wp","href":"https:\/\/api.w.org\/{rel}","templated":true}]}}

<p>Con esta nueva generación de estufas de pellets, disfrute con total tranquilidad de la estética y el calor natural de la estufa de hierro fundido Altara. Acompañada por un depósito mural de 21 kg, la estufa Altara Plug-IN lleva el diseño y el confort térmico a su hogar.</p>

<!-- This site is optimized with the Yoast SEO plugin v24.7 - https://yoast.com/wordpress/plugins/seo/ -->
<title>Altara Plug-IN AUTO Izquierda - Estufa de pellets - Invicta</title>
<meta name="description" content="Con esta nueva generación de estufas de pellets, disfrute con total tranquilidad de la estética y el calor natural de la estufa de hierro fundido Altara. Acompañada por un depósito mural de 21 kg, la estufa Altara Plug-IN lleva el diseño y el confort térmico a su hogar." />
<meta name="robots" content="index, follow, max-snippet:-1, max-image-preview:large, max-video-preview:-1" />
<link rel="canonical" href="https://www.invicta.fr/es/produit/altara-plug-in-auto-izquierda-estufa-de-pellets/" />
<meta property="og:locale" content="es_ES" />
<meta property="og:type" content="article" />
<meta property="og:title" content="Altara Plug-IN AUTO Izquierda - Estufa de pellets - Invicta" />
<meta property="og:description" content="Con esta nueva generación de estufas de pellets, disfrute con total tranquilidad de la estética y el calor natural de la estufa de hierro fundido Altara. Acompañada por un depósito mural de 21 kg, la estufa Altara Plug-IN lleva el diseño y el confort térmico a su hogar." />
<meta property="og:url" content="https://www.invicta.fr/es/produit/altara-plug-in-auto-izquierda-estufa-de-pellets/" />
<meta property="og:site_name" content="Invicta" />
<meta property="article:modified_time" content="2022-06-24T12:47:49+00:00" />
<meta name="twitter:card" content="summary_large_image" />
<script type="application/ld+json" class="yoast-schema-graph">{"@context":"https://schema.org","@graph":[{"@type":"WebPage","@id":"https://www.invicta.fr/es/produit/altara-plug-in-auto-izquierda-estufa-de-pellets/","url":"https://www.invicta.fr/es/produit/altara-plug-in-auto-izquierda-estufa-de-pellets/","name":"Altara Plug-IN AUTO Izquierda - Estufa de pellets - Invicta","isPartOf":{"@id":"https://www.invicta.fr/es/#website"},"datePublished":"2019-10-04T14:48:20+00:00","dateModified":"2022-06-24T12:47:49+00:00","description":"Con esta nueva generación de estufas de pellets, disfrute con total tranquilidad de la estética y el calor natural de la estufa de hierro fundido Altara. Acompañada por un depósito mural de 21 kg, la estufa Altara Plug-IN lleva el diseño y el confort térmico a su hogar.","breadcrumb":{"@id":"https://www.invicta.fr/es/produit/altara-plug-in-auto-izquierda-estufa-de-pellets/#breadcrumb"},"inLanguage":"es","potentialAction":[{"@type":"ReadAction","target":["https://www.invicta.fr/es/produit/altara-plug-in-auto-izquierda-estufa-de-pellets/"]}]},{"@type":"BreadcrumbList","@id":"https://www.invicta.fr/es/produit/altara-plug-in-auto-izquierda-estufa-de-pellets/#breadcrumb","itemListElement":[{"@type":"ListItem","position":1,"name":"Inicio","item":"https://www.invicta.fr/es/"},{"@type":"ListItem","position":2,"name":"Productos","item":"https://www.invicta.fr/es/shop/"},{"@type":"ListItem","position":3,"name":"Estufas de pellets","item":"https://www.invicta.fr/es/categorie-produit/estufas-de-pellets-es/"},{"@type":"ListItem","position":4,"name":"Plug-in, diseño e innovación","item":"https://www.invicta.fr/es/categorie-produit/estufas-de-pellets-es/plug-in-estufas-de-pellets-de-nueva-generacion/"},{"@type":"ListItem","position":5,"name":"Altara Plug-IN AUTO Izquierda &#8211; Estufa de pellets"}]},{"@type":"WebSite","@id":"https://www.invicta.fr/es/#website","url":"https://www.invicta.fr/es/","name":"Invicta","description":"Fabricant français, spécialiste européen du chauffage au bois : poêles à bois et à granulés, cheminées, foyers et inserts","publisher":{"@id":"https://www.invicta.fr/es/#organization"},"potentialAction":[{"@type":"SearchAction","target":{"@type":"EntryPoint","urlTemplate":"https://www.invicta.fr/es/?s={search_term_string}"},"query-input":{"@type":"PropertyValueSpecification","valueRequired":true,"valueName":"search_term_string"}}],"inLanguage":"es"},{"@type":"Organization","@id":"https://www.invicta.fr/es/#organization","name":"Invicta","url":"https://www.invicta.fr/es/","logo":{"@type":"ImageObject","inLanguage":"es","@id":"https://www.invicta.fr/es/#/schema/logo/image/","url":"https://www.invicta.fr/wp-content/uploads/2019/06/INVICTALOGO_RVB.png","contentUrl":"https://www.invicta.fr/wp-content/uploads/2019/06/INVICTALOGO_RVB.png","width":1810,"height":1280,"caption":"Invicta"},"image":{"@id":"https://www.invicta.fr/es/#/schema/logo/image/"}}]}</script>
<!-- / Yoast SEO plugin. -->

Con esta nueva generación de estufas de pellets, disfrute con total tranquilidad de la estética y el calor natural de la estufa de hierro fundido Altara. Acompañada por un depósito mural de 21 kg, la estufa Altara Plug-IN lleva el diseño y el confort térmico a su hogar.

Plug-in, diseño e innovación

Fabricant français, spécialiste européen du chauffage au bois : poêles à bois et à granulés, cheminées, foyers et inserts
