{"id":27435,"date":"2019-07-02T16:03:10","date_gmt":"2019-10-07T09:54:42","guid":{"rendered":"https:\/\/www.invicta.fr\/produit\/hogar-de-chimenea-700-air-control-grand-angle\/"},"modified":"2022-04-06T09:49:00","modified_gmt":"2022-04-06T07:49:00","slug":"chimenea-700-air-control-gran-angulo","status":"publish","type":"product","link":"https:\/\/www.invicta.fr\/es\/produit\/chimenea-700-air-control-gran-angulo\/","title":{"rendered":"Chimenea 700 Air control Grand Angle"},"content":{"rendered":"","protected":false},"excerpt":{"rendered":"<p>La puerta frontal de la chimenea 700 Air Control, incorpora un discreto marco que mejora el espect\u00e1culo del fuego y facilita la instalaci\u00f3n de una carcasa. Reportaje T\u00e9l\u00e9matin: <a href=\"https:\/\/youtu.be\/ZA1JDO4yxD4\">Renovar la chimenea<\/a>.<\/p>\n","protected":false},"featured_media":0,"template":"","meta":{"_acf_changed":false},"product_brand":[],"product_cat":[2293],"product_tag":[2301,2303,2305,2306,2607,2605,2299,2295,6677],"plus_produit":[2519,2601,2597,2284,2269,2263],"class_list":{"1":"product","5":"product_cat-ayuda-en-la-eleccion","6":"product_tag-flamme-verte-7","7":"product_tag-eco-design-2022-es","8":"product_tag-certificacion-ecolabel-a","9":"product_tag-hecho-en-francia","10":"product_tag-conectable-estanco","11":"product_tag-control-de-aire","12":"product_tag-100-hierro-fundido","13":"product_tag-post-combustion-es","14":"product_tag-impuesto-de-credito-z-es","15":"pa_depart-des-fumees-parte-superior","16":"pa_diametre-de-buse-200-mm-es-2","17":"pa_indice-de-performance-100-es","18":"pa_modulation-de-puissance-6-a-135-kw-es","19":"pa_options-accessoires-silla-de-apoyo","20":"pa_puissance-9-kw-es","21":"pa_surface-de-chauffe-50-a-110-m-es","22":"pa_taux-de-co-012-es","23":"pa_volume-de-chauffe-125-a-275-m-es","24":"plus_produit-continuo-e-intermitente","25":"plus_produit-control-de-aire","26":"plus_produit-dispositivo-resistente-al-agua-compatible-con-rt2012","27":"plus_produit-garantia-de-origen-frances","28":"plus_produit-gran-angular-de-vidrio-exterior","29":"plus_produit-sistema-de-post-combustion","31":"first","32":"instock","33":"product-type-simple"},"acf":[],"yoast_head":"<!-- This site is optimized with the Yoast SEO plugin v24.7 - https:\/\/yoast.com\/wordpress\/plugins\/seo\/ -->\n<title>Chimenea 700 Air control Grand Angle - Invicta<\/title>\n<meta name=\"description\" content=\"La puerta frontal de la chimenea 700 Air Control, incorpora un discreto marco que mejora el espect\u00e1culo del fuego y facilita la instalaci\u00f3n de una carcasa. Reportaje T\u00e9l\u00e9matin: Renovar la chimenea.\" \/>\n<meta name=\"robots\" content=\"index, follow, max-snippet:-1, max-image-preview:large, max-video-preview:-1\" \/>\n<link rel=\"canonical\" href=\"https:\/\/www.invicta.fr\/es\/produit\/chimenea-700-air-control-gran-angulo\/\" \/>\n<meta property=\"og:locale\" content=\"es_ES\" \/>\n<meta property=\"og:type\" content=\"article\" \/>\n<meta property=\"og:title\" content=\"Chimenea 700 Air control Grand Angle - Invicta\" \/>\n<meta property=\"og:description\" content=\"La puerta frontal de la chimenea 700 Air Control, incorpora un discreto marco que mejora el espect\u00e1culo del fuego y facilita la instalaci\u00f3n de una carcasa. Reportaje T\u00e9l\u00e9matin: Renovar la chimenea.\" \/>\n<meta property=\"og:url\" content=\"https:\/\/www.invicta.fr\/es\/produit\/chimenea-700-air-control-gran-angulo\/\" \/>\n<meta property=\"og:site_name\" content=\"Invicta\" \/>\n<meta property=\"article:modified_time\" content=\"2022-04-06T07:49:00+00:00\" \/>\n<meta name=\"twitter:card\" content=\"summary_large_image\" \/>\n<script type=\"application\/ld+json\" class=\"yoast-schema-graph\">{\"@context\":\"https:\/\/schema.org\",\"@graph\":[{\"@type\":\"WebPage\",\"@id\":\"https:\/\/www.invicta.fr\/es\/produit\/chimenea-700-air-control-gran-angulo\/\",\"url\":\"https:\/\/www.invicta.fr\/es\/produit\/chimenea-700-air-control-gran-angulo\/\",\"name\":\"Chimenea 700 Air control Grand Angle - Invicta\",\"isPartOf\":{\"@id\":\"https:\/\/www.invicta.fr\/es\/#website\"},\"datePublished\":\"2019-10-07T09:54:42+00:00\",\"dateModified\":\"2022-04-06T07:49:00+00:00\",\"description\":\"La puerta frontal de la chimenea 700 Air Control, incorpora un discreto marco que mejora el espect\u00e1culo del fuego y facilita la instalaci\u00f3n de una carcasa. Reportaje T\u00e9l\u00e9matin: Renovar la chimenea.\",\"breadcrumb\":{\"@id\":\"https:\/\/www.invicta.fr\/es\/produit\/chimenea-700-air-control-gran-angulo\/#breadcrumb\"},\"inLanguage\":\"es\",\"potentialAction\":[{\"@type\":\"ReadAction\",\"target\":[\"https:\/\/www.invicta.fr\/es\/produit\/chimenea-700-air-control-gran-angulo\/\"]}]},{\"@type\":\"BreadcrumbList\",\"@id\":\"https:\/\/www.invicta.fr\/es\/produit\/chimenea-700-air-control-gran-angulo\/#breadcrumb\",\"itemListElement\":[{\"@type\":\"ListItem\",\"position\":1,\"name\":\"Inicio\",\"item\":\"https:\/\/www.invicta.fr\/es\/\"},{\"@type\":\"ListItem\",\"position\":2,\"name\":\"Productos\",\"item\":\"https:\/\/www.invicta.fr\/es\/shop\/\"},{\"@type\":\"ListItem\",\"position\":3,\"name\":\"Ayuda en la elecci\u00f3n\",\"item\":\"https:\/\/www.invicta.fr\/es\/categorie-produit\/ayuda-en-la-eleccion\/\"},{\"@type\":\"ListItem\",\"position\":4,\"name\":\"Chimenea 700 Air control Grand Angle\"}]},{\"@type\":\"WebSite\",\"@id\":\"https:\/\/www.invicta.fr\/es\/#website\",\"url\":\"https:\/\/www.invicta.fr\/es\/\",\"name\":\"Invicta\",\"description\":\"Fabricant fran\u00e7ais, sp\u00e9cialiste europ\u00e9en du chauffage au bois : po\u00eales \u00e0 bois et \u00e0 granul\u00e9s, chemin\u00e9es, foyers et inserts\",\"publisher\":{\"@id\":\"https:\/\/www.invicta.fr\/es\/#organization\"},\"potentialAction\":[{\"@type\":\"SearchAction\",\"target\":{\"@type\":\"EntryPoint\",\"urlTemplate\":\"https:\/\/www.invicta.fr\/es\/?s={search_term_string}\"},\"query-input\":{\"@type\":\"PropertyValueSpecification\",\"valueRequired\":true,\"valueName\":\"search_term_string\"}}],\"inLanguage\":\"es\"},{\"@type\":\"Organization\",\"@id\":\"https:\/\/www.invicta.fr\/es\/#organization\",\"name\":\"Invicta\",\"url\":\"https:\/\/www.invicta.fr\/es\/\",\"logo\":{\"@type\":\"ImageObject\",\"inLanguage\":\"es\",\"@id\":\"https:\/\/www.invicta.fr\/es\/#\/schema\/logo\/image\/\",\"url\":\"https:\/\/www.invicta.fr\/wp-content\/uploads\/2019\/06\/INVICTALOGO_RVB.png\",\"contentUrl\":\"https:\/\/www.invicta.fr\/wp-content\/uploads\/2019\/06\/INVICTALOGO_RVB.png\",\"width\":1810,\"height\":1280,\"caption\":\"Invicta\"},\"image\":{\"@id\":\"https:\/\/www.invicta.fr\/es\/#\/schema\/logo\/image\/\"}}]}<\/script>\n<!-- \/ Yoast SEO plugin. -->","yoast_head_json":{"title":"Chimenea 700 Air control Grand Angle - Invicta","description":"La puerta frontal de la chimenea 700 Air Control, incorpora un discreto marco que mejora el espect\u00e1culo del fuego y facilita la instalaci\u00f3n de una carcasa. Reportaje T\u00e9l\u00e9matin: Renovar la chimenea.","robots":{"index":"index","follow":"follow","max-snippet":"max-snippet:-1","max-image-preview":"max-image-preview:large","max-video-preview":"max-video-preview:-1"},"canonical":"https:\/\/www.invicta.fr\/es\/produit\/chimenea-700-air-control-gran-angulo\/","og_locale":"es_ES","og_type":"article","og_title":"Chimenea 700 Air control Grand Angle - Invicta","og_description":"La puerta frontal de la chimenea 700 Air Control, incorpora un discreto marco que mejora el espect\u00e1culo del fuego y facilita la instalaci\u00f3n de una carcasa. Reportaje T\u00e9l\u00e9matin: Renovar la chimenea.","og_url":"https:\/\/www.invicta.fr\/es\/produit\/chimenea-700-air-control-gran-angulo\/","og_site_name":"Invicta","article_modified_time":"2022-04-06T07:49:00+00:00","twitter_card":"summary_large_image","schema":{"@context":"https:\/\/schema.org","@graph":[{"@type":"WebPage","@id":"https:\/\/www.invicta.fr\/es\/produit\/chimenea-700-air-control-gran-angulo\/","url":"https:\/\/www.invicta.fr\/es\/produit\/chimenea-700-air-control-gran-angulo\/","name":"Chimenea 700 Air control Grand Angle - Invicta","isPartOf":{"@id":"https:\/\/www.invicta.fr\/es\/#website"},"datePublished":"2019-10-07T09:54:42+00:00","dateModified":"2022-04-06T07:49:00+00:00","description":"La puerta frontal de la chimenea 700 Air Control, incorpora un discreto marco que mejora el espect\u00e1culo del fuego y facilita la instalaci\u00f3n de una carcasa. Reportaje T\u00e9l\u00e9matin: Renovar la chimenea.","breadcrumb":{"@id":"https:\/\/www.invicta.fr\/es\/produit\/chimenea-700-air-control-gran-angulo\/#breadcrumb"},"inLanguage":"es","potentialAction":[{"@type":"ReadAction","target":["https:\/\/www.invicta.fr\/es\/produit\/chimenea-700-air-control-gran-angulo\/"]}]},{"@type":"BreadcrumbList","@id":"https:\/\/www.invicta.fr\/es\/produit\/chimenea-700-air-control-gran-angulo\/#breadcrumb","itemListElement":[{"@type":"ListItem","position":1,"name":"Inicio","item":"https:\/\/www.invicta.fr\/es\/"},{"@type":"ListItem","position":2,"name":"Productos","item":"https:\/\/www.invicta.fr\/es\/shop\/"},{"@type":"ListItem","position":3,"name":"Ayuda en la elecci\u00f3n","item":"https:\/\/www.invicta.fr\/es\/categorie-produit\/ayuda-en-la-eleccion\/"},{"@type":"ListItem","position":4,"name":"Chimenea 700 Air control Grand Angle"}]},{"@type":"WebSite","@id":"https:\/\/www.invicta.fr\/es\/#website","url":"https:\/\/www.invicta.fr\/es\/","name":"Invicta","description":"Fabricant fran\u00e7ais, sp\u00e9cialiste europ\u00e9en du chauffage au bois : po\u00eales \u00e0 bois et \u00e0 granul\u00e9s, chemin\u00e9es, foyers et inserts","publisher":{"@id":"https:\/\/www.invicta.fr\/es\/#organization"},"potentialAction":[{"@type":"SearchAction","target":{"@type":"EntryPoint","urlTemplate":"https:\/\/www.invicta.fr\/es\/?s={search_term_string}"},"query-input":{"@type":"PropertyValueSpecification","valueRequired":true,"valueName":"search_term_string"}}],"inLanguage":"es"},{"@type":"Organization","@id":"https:\/\/www.invicta.fr\/es\/#organization","name":"Invicta","url":"https:\/\/www.invicta.fr\/es\/","logo":{"@type":"ImageObject","inLanguage":"es","@id":"https:\/\/www.invicta.fr\/es\/#\/schema\/logo\/image\/","url":"https:\/\/www.invicta.fr\/wp-content\/uploads\/2019\/06\/INVICTALOGO_RVB.png","contentUrl":"https:\/\/www.invicta.fr\/wp-content\/uploads\/2019\/06\/INVICTALOGO_RVB.png","width":1810,"height":1280,"caption":"Invicta"},"image":{"@id":"https:\/\/www.invicta.fr\/es\/#\/schema\/logo\/image\/"}}]}},"_links":{"self":[{"href":"https:\/\/www.invicta.fr\/es\/wp-json\/wp\/v2\/product\/27435","targetHints":{"allow":["GET"]}}],"collection":[{"href":"https:\/\/www.invicta.fr\/es\/wp-json\/wp\/v2\/product"}],"about":[{"href":"https:\/\/www.invicta.fr\/es\/wp-json\/wp\/v2\/types\/product"}],"wp:attachment":[{"href":"https:\/\/www.invicta.fr\/es\/wp-json\/wp\/v2\/media?parent=27435"}],"wp:term":[{"taxonomy":"product_brand","embeddable":true,"href":"https:\/\/www.invicta.fr\/es\/wp-json\/wp\/v2\/product_brand?post=27435"},{"taxonomy":"product_cat","embeddable":true,"href":"https:\/\/www.invicta.fr\/es\/wp-json\/wp\/v2\/product_cat?post=27435"},{"taxonomy":"product_tag","embeddable":true,"href":"https:\/\/www.invicta.fr\/es\/wp-json\/wp\/v2\/product_tag?post=27435"},{"taxonomy":"plus_produit","embeddable":true,"href":"https:\/\/www.invicta.fr\/es\/wp-json\/wp\/v2\/plus_produit?post=27435"}],"curies":[{"name":"wp","href":"https:\/\/api.w.org\/{rel}","templated":true}]}}

<p>La puerta frontal de la chimenea 700 Air Control, incorpora un discreto marco que mejora el espectáculo del fuego y facilita la instalación de una carcasa. Reportaje Télématin: <a href="https://youtu.be/ZA1JDO4yxD4">Renovar la chimenea</a>.</p>

<!-- This site is optimized with the Yoast SEO plugin v24.7 - https://yoast.com/wordpress/plugins/seo/ -->
<title>Chimenea 700 Air control Grand Angle - Invicta</title>
<meta name="description" content="La puerta frontal de la chimenea 700 Air Control, incorpora un discreto marco que mejora el espectáculo del fuego y facilita la instalación de una carcasa. Reportaje Télématin: Renovar la chimenea." />
<meta name="robots" content="index, follow, max-snippet:-1, max-image-preview:large, max-video-preview:-1" />
<link rel="canonical" href="https://www.invicta.fr/es/produit/chimenea-700-air-control-gran-angulo/" />
<meta property="og:locale" content="es_ES" />
<meta property="og:type" content="article" />
<meta property="og:title" content="Chimenea 700 Air control Grand Angle - Invicta" />
<meta property="og:description" content="La puerta frontal de la chimenea 700 Air Control, incorpora un discreto marco que mejora el espectáculo del fuego y facilita la instalación de una carcasa. Reportaje Télématin: Renovar la chimenea." />
<meta property="og:url" content="https://www.invicta.fr/es/produit/chimenea-700-air-control-gran-angulo/" />
<meta property="og:site_name" content="Invicta" />
<meta property="article:modified_time" content="2022-04-06T07:49:00+00:00" />
<meta name="twitter:card" content="summary_large_image" />
<script type="application/ld+json" class="yoast-schema-graph">{"@context":"https://schema.org","@graph":[{"@type":"WebPage","@id":"https://www.invicta.fr/es/produit/chimenea-700-air-control-gran-angulo/","url":"https://www.invicta.fr/es/produit/chimenea-700-air-control-gran-angulo/","name":"Chimenea 700 Air control Grand Angle - Invicta","isPartOf":{"@id":"https://www.invicta.fr/es/#website"},"datePublished":"2019-10-07T09:54:42+00:00","dateModified":"2022-04-06T07:49:00+00:00","description":"La puerta frontal de la chimenea 700 Air Control, incorpora un discreto marco que mejora el espectáculo del fuego y facilita la instalación de una carcasa. Reportaje Télématin: Renovar la chimenea.","breadcrumb":{"@id":"https://www.invicta.fr/es/produit/chimenea-700-air-control-gran-angulo/#breadcrumb"},"inLanguage":"es","potentialAction":[{"@type":"ReadAction","target":["https://www.invicta.fr/es/produit/chimenea-700-air-control-gran-angulo/"]}]},{"@type":"BreadcrumbList","@id":"https://www.invicta.fr/es/produit/chimenea-700-air-control-gran-angulo/#breadcrumb","itemListElement":[{"@type":"ListItem","position":1,"name":"Inicio","item":"https://www.invicta.fr/es/"},{"@type":"ListItem","position":2,"name":"Productos","item":"https://www.invicta.fr/es/shop/"},{"@type":"ListItem","position":3,"name":"Ayuda en la elección","item":"https://www.invicta.fr/es/categorie-produit/ayuda-en-la-eleccion/"},{"@type":"ListItem","position":4,"name":"Chimenea 700 Air control Grand Angle"}]},{"@type":"WebSite","@id":"https://www.invicta.fr/es/#website","url":"https://www.invicta.fr/es/","name":"Invicta","description":"Fabricant français, spécialiste européen du chauffage au bois : poêles à bois et à granulés, cheminées, foyers et inserts","publisher":{"@id":"https://www.invicta.fr/es/#organization"},"potentialAction":[{"@type":"SearchAction","target":{"@type":"EntryPoint","urlTemplate":"https://www.invicta.fr/es/?s={search_term_string}"},"query-input":{"@type":"PropertyValueSpecification","valueRequired":true,"valueName":"search_term_string"}}],"inLanguage":"es"},{"@type":"Organization","@id":"https://www.invicta.fr/es/#organization","name":"Invicta","url":"https://www.invicta.fr/es/","logo":{"@type":"ImageObject","inLanguage":"es","@id":"https://www.invicta.fr/es/#/schema/logo/image/","url":"https://www.invicta.fr/wp-content/uploads/2019/06/INVICTALOGO_RVB.png","contentUrl":"https://www.invicta.fr/wp-content/uploads/2019/06/INVICTALOGO_RVB.png","width":1810,"height":1280,"caption":"Invicta"},"image":{"@id":"https://www.invicta.fr/es/#/schema/logo/image/"}}]}</script>
<!-- / Yoast SEO plugin. -->

La puerta frontal de la chimenea 700 Air Control, incorpora un discreto marco que mejora el espectáculo del fuego y facilita la instalación de una carcasa. Reportaje Télématin: Renovar la chimenea.

Ayuda en la elección

Fabricant français, spécialiste européen du chauffage au bois : poêles à bois et à granulés, cheminées, foyers et inserts
