{"id":27540,"date":"2019-10-09T08:13:30","date_gmt":"2019-10-09T06:13:31","guid":{"rendered":"https:\/\/www.invicta.fr\/?post_type=product&#038;p=27540"},"modified":"2026-02-24T13:34:01","modified_gmt":"2026-02-24T12:34:01","slug":"estufa-pellets-talo-11","status":"publish","type":"product","link":"https:\/\/www.invicta.fr\/es\/produit\/estufa-pellets-talo-11\/","title":{"rendered":"Estufa pellets Talo 11"},"content":{"rendered":"","protected":false},"excerpt":{"rendered":"<p>Canalizable y potente, la estufa de pellets Talo 11 es ideal para distribuir el aire c\u00e1lido en varias habitaciones.<\/p>\n","protected":false},"featured_media":48941,"template":"","meta":{"_acf_changed":false},"product_brand":[],"product_cat":[2293,2321,6505,6451,6448,6456,6450],"product_tag":[7108,2301,2303,2317,2843,6391,7048,6833,6677],"plus_produit":[2840,2294,6841,6553,2309,2312,2296,2633],"class_list":{"1":"product","4":"has-post-thumbnail","6":"product_cat-ayuda-en-la-eleccion","7":"product_cat-estufas-de-pellets","8":"product_cat-estufas-de-pellets-de-10-kw","9":"product_cat-estufas-de-pellet-autonomas","10":"product_cat-estufas-de-pellets-programables","11":"product_cat-estufas-de-pellets-contemporaneas","12":"product_cat-estufas-de-pellets-modernas","13":"product_tag-en16510-es","14":"product_tag-flamme-verte-7","15":"product_tag-eco-design-2022-es","16":"product_tag-ecoetiqueta-a","17":"product_tag-conectable","18":"product_tag-wi-fi-option","19":"product_tag-y-garantia-de-3-anos","20":"product_tag-y-garantie-extension-1an-esp","21":"product_tag-impuesto-de-credito-z-es","22":"pa_autonomie-maximum-29-horas","23":"pa_autonomie-minimum-10-horas","24":"pa_capacite-de-la-tremie-25-kg-es","25":"pa_consommation-086-a-244-kg-h-es","26":"pa_depart-des-fumees-detras","27":"pa_diametre-de-buse-80-mm-es","28":"pa_modulation-de-puissance-39-a-104-kw-es","29":"pa_puissance-104-kw-es","30":"pa_surface-de-chauffe-35-a-130-m-es","31":"pa_volume-de-chauffe-85-a-325-m-es","32":"plus_produit-conectable","33":"plus_produit-control-de-la-potencia-5-o-de-la-temperatura-ambiente","34":"plus_produit-extension-de-garantie-1-an-esp","35":"plus_produit-kit-wifi-opcional","36":"plus_produit-posibilidad-de-control-por-termostato-externo-no-incluido","37":"plus_produit-programacion-horaria","38":"plus_produit-salida-de-aire-caliente-por-ventilador","39":"plus_produit-stand-by-espera","41":"first","42":"instock","43":"shipping-taxable","44":"product-type-variable","45":"has-default-attributes"},"acf":[],"yoast_head":"<!-- This site is optimized with the Yoast SEO plugin v24.7 - https:\/\/yoast.com\/wordpress\/plugins\/seo\/ -->\n<title>Estufa pellets Talo 11 - Invicta<\/title>\n<meta name=\"description\" content=\"Canalizable y potente, la estufa de pellets Talo 11 es ideal para distribuir el aire c\u00e1lido en varias habitaciones.\" \/>\n<meta name=\"robots\" content=\"index, follow, max-snippet:-1, max-image-preview:large, max-video-preview:-1\" \/>\n<link rel=\"canonical\" href=\"https:\/\/www.invicta.fr\/es\/produit\/estufa-pellets-talo-11\/\" \/>\n<meta property=\"og:locale\" content=\"es_ES\" \/>\n<meta property=\"og:type\" content=\"article\" \/>\n<meta property=\"og:title\" content=\"Estufa pellets Talo 11 - Invicta\" \/>\n<meta property=\"og:description\" content=\"Canalizable y potente, la estufa de pellets Talo 11 es ideal para distribuir el aire c\u00e1lido en varias habitaciones.\" \/>\n<meta property=\"og:url\" content=\"https:\/\/www.invicta.fr\/es\/produit\/estufa-pellets-talo-11\/\" \/>\n<meta property=\"og:site_name\" content=\"Invicta\" \/>\n<meta property=\"article:modified_time\" content=\"2026-02-24T12:34:01+00:00\" \/>\n<meta name=\"twitter:card\" content=\"summary_large_image\" \/>\n<script type=\"application\/ld+json\" class=\"yoast-schema-graph\">{\"@context\":\"https:\/\/schema.org\",\"@graph\":[{\"@type\":\"WebPage\",\"@id\":\"https:\/\/www.invicta.fr\/es\/produit\/estufa-pellets-talo-11\/\",\"url\":\"https:\/\/www.invicta.fr\/es\/produit\/estufa-pellets-talo-11\/\",\"name\":\"Estufa pellets Talo 11 - Invicta\",\"isPartOf\":{\"@id\":\"https:\/\/www.invicta.fr\/es\/#website\"},\"primaryImageOfPage\":{\"@id\":\"https:\/\/www.invicta.fr\/es\/produit\/estufa-pellets-talo-11\/#primaryimage\"},\"image\":{\"@id\":\"https:\/\/www.invicta.fr\/es\/produit\/estufa-pellets-talo-11\/#primaryimage\"},\"thumbnailUrl\":\"https:\/\/www.invicta.fr\/wp-content\/uploads\/2022\/06\/P641414-talo11-cyclo.jpg\",\"datePublished\":\"2019-10-09T06:13:31+00:00\",\"dateModified\":\"2026-02-24T12:34:01+00:00\",\"description\":\"Canalizable y potente, la estufa de pellets Talo 11 es ideal para distribuir el aire c\u00e1lido en varias habitaciones.\",\"breadcrumb\":{\"@id\":\"https:\/\/www.invicta.fr\/es\/produit\/estufa-pellets-talo-11\/#breadcrumb\"},\"inLanguage\":\"es\",\"potentialAction\":[{\"@type\":\"ReadAction\",\"target\":[\"https:\/\/www.invicta.fr\/es\/produit\/estufa-pellets-talo-11\/\"]}]},{\"@type\":\"ImageObject\",\"inLanguage\":\"es\",\"@id\":\"https:\/\/www.invicta.fr\/es\/produit\/estufa-pellets-talo-11\/#primaryimage\",\"url\":\"https:\/\/www.invicta.fr\/wp-content\/uploads\/2022\/06\/P641414-talo11-cyclo.jpg\",\"contentUrl\":\"https:\/\/www.invicta.fr\/wp-content\/uploads\/2022\/06\/P641414-talo11-cyclo.jpg\",\"width\":513,\"height\":800,\"caption\":\"Po\u00eale \u00e0 granul\u00e9s Invicta Talo 11\"},{\"@type\":\"BreadcrumbList\",\"@id\":\"https:\/\/www.invicta.fr\/es\/produit\/estufa-pellets-talo-11\/#breadcrumb\",\"itemListElement\":[{\"@type\":\"ListItem\",\"position\":1,\"name\":\"Inicio\",\"item\":\"https:\/\/www.invicta.fr\/es\/\"},{\"@type\":\"ListItem\",\"position\":2,\"name\":\"Productos\",\"item\":\"https:\/\/www.invicta.fr\/es\/shop\/\"},{\"@type\":\"ListItem\",\"position\":3,\"name\":\"Estufas de pellets\",\"item\":\"https:\/\/www.invicta.fr\/es\/categorie-produit\/estufas-de-pellets-es\/\"},{\"@type\":\"ListItem\",\"position\":4,\"name\":\"Estufas de pellets\",\"item\":\"https:\/\/www.invicta.fr\/es\/categorie-produit\/estufas-de-pellets-es\/estufas-de-pellets\/\"},{\"@type\":\"ListItem\",\"position\":5,\"name\":\"Estufa pellets Talo 11\"}]},{\"@type\":\"WebSite\",\"@id\":\"https:\/\/www.invicta.fr\/es\/#website\",\"url\":\"https:\/\/www.invicta.fr\/es\/\",\"name\":\"Invicta\",\"description\":\"Fabricant fran\u00e7ais, sp\u00e9cialiste europ\u00e9en du chauffage au bois : po\u00eales \u00e0 bois et \u00e0 granul\u00e9s, chemin\u00e9es, foyers et inserts\",\"publisher\":{\"@id\":\"https:\/\/www.invicta.fr\/es\/#organization\"},\"potentialAction\":[{\"@type\":\"SearchAction\",\"target\":{\"@type\":\"EntryPoint\",\"urlTemplate\":\"https:\/\/www.invicta.fr\/es\/?s={search_term_string}\"},\"query-input\":{\"@type\":\"PropertyValueSpecification\",\"valueRequired\":true,\"valueName\":\"search_term_string\"}}],\"inLanguage\":\"es\"},{\"@type\":\"Organization\",\"@id\":\"https:\/\/www.invicta.fr\/es\/#organization\",\"name\":\"Invicta\",\"url\":\"https:\/\/www.invicta.fr\/es\/\",\"logo\":{\"@type\":\"ImageObject\",\"inLanguage\":\"es\",\"@id\":\"https:\/\/www.invicta.fr\/es\/#\/schema\/logo\/image\/\",\"url\":\"https:\/\/www.invicta.fr\/wp-content\/uploads\/2019\/06\/INVICTALOGO_RVB.png\",\"contentUrl\":\"https:\/\/www.invicta.fr\/wp-content\/uploads\/2019\/06\/INVICTALOGO_RVB.png\",\"width\":1810,\"height\":1280,\"caption\":\"Invicta\"},\"image\":{\"@id\":\"https:\/\/www.invicta.fr\/es\/#\/schema\/logo\/image\/\"}}]}<\/script>\n<!-- \/ Yoast SEO plugin. -->","yoast_head_json":{"title":"Estufa pellets Talo 11 - Invicta","description":"Canalizable y potente, la estufa de pellets Talo 11 es ideal para distribuir el aire c\u00e1lido en varias habitaciones.","robots":{"index":"index","follow":"follow","max-snippet":"max-snippet:-1","max-image-preview":"max-image-preview:large","max-video-preview":"max-video-preview:-1"},"canonical":"https:\/\/www.invicta.fr\/es\/produit\/estufa-pellets-talo-11\/","og_locale":"es_ES","og_type":"article","og_title":"Estufa pellets Talo 11 - Invicta","og_description":"Canalizable y potente, la estufa de pellets Talo 11 es ideal para distribuir el aire c\u00e1lido en varias habitaciones.","og_url":"https:\/\/www.invicta.fr\/es\/produit\/estufa-pellets-talo-11\/","og_site_name":"Invicta","article_modified_time":"2026-02-24T12:34:01+00:00","twitter_card":"summary_large_image","schema":{"@context":"https:\/\/schema.org","@graph":[{"@type":"WebPage","@id":"https:\/\/www.invicta.fr\/es\/produit\/estufa-pellets-talo-11\/","url":"https:\/\/www.invicta.fr\/es\/produit\/estufa-pellets-talo-11\/","name":"Estufa pellets Talo 11 - Invicta","isPartOf":{"@id":"https:\/\/www.invicta.fr\/es\/#website"},"primaryImageOfPage":{"@id":"https:\/\/www.invicta.fr\/es\/produit\/estufa-pellets-talo-11\/#primaryimage"},"image":{"@id":"https:\/\/www.invicta.fr\/es\/produit\/estufa-pellets-talo-11\/#primaryimage"},"thumbnailUrl":"https:\/\/www.invicta.fr\/wp-content\/uploads\/2022\/06\/P641414-talo11-cyclo.jpg","datePublished":"2019-10-09T06:13:31+00:00","dateModified":"2026-02-24T12:34:01+00:00","description":"Canalizable y potente, la estufa de pellets Talo 11 es ideal para distribuir el aire c\u00e1lido en varias habitaciones.","breadcrumb":{"@id":"https:\/\/www.invicta.fr\/es\/produit\/estufa-pellets-talo-11\/#breadcrumb"},"inLanguage":"es","potentialAction":[{"@type":"ReadAction","target":["https:\/\/www.invicta.fr\/es\/produit\/estufa-pellets-talo-11\/"]}]},{"@type":"ImageObject","inLanguage":"es","@id":"https:\/\/www.invicta.fr\/es\/produit\/estufa-pellets-talo-11\/#primaryimage","url":"https:\/\/www.invicta.fr\/wp-content\/uploads\/2022\/06\/P641414-talo11-cyclo.jpg","contentUrl":"https:\/\/www.invicta.fr\/wp-content\/uploads\/2022\/06\/P641414-talo11-cyclo.jpg","width":513,"height":800,"caption":"Po\u00eale \u00e0 granul\u00e9s Invicta Talo 11"},{"@type":"BreadcrumbList","@id":"https:\/\/www.invicta.fr\/es\/produit\/estufa-pellets-talo-11\/#breadcrumb","itemListElement":[{"@type":"ListItem","position":1,"name":"Inicio","item":"https:\/\/www.invicta.fr\/es\/"},{"@type":"ListItem","position":2,"name":"Productos","item":"https:\/\/www.invicta.fr\/es\/shop\/"},{"@type":"ListItem","position":3,"name":"Estufas de pellets","item":"https:\/\/www.invicta.fr\/es\/categorie-produit\/estufas-de-pellets-es\/"},{"@type":"ListItem","position":4,"name":"Estufas de pellets","item":"https:\/\/www.invicta.fr\/es\/categorie-produit\/estufas-de-pellets-es\/estufas-de-pellets\/"},{"@type":"ListItem","position":5,"name":"Estufa pellets Talo 11"}]},{"@type":"WebSite","@id":"https:\/\/www.invicta.fr\/es\/#website","url":"https:\/\/www.invicta.fr\/es\/","name":"Invicta","description":"Fabricant fran\u00e7ais, sp\u00e9cialiste europ\u00e9en du chauffage au bois : po\u00eales \u00e0 bois et \u00e0 granul\u00e9s, chemin\u00e9es, foyers et inserts","publisher":{"@id":"https:\/\/www.invicta.fr\/es\/#organization"},"potentialAction":[{"@type":"SearchAction","target":{"@type":"EntryPoint","urlTemplate":"https:\/\/www.invicta.fr\/es\/?s={search_term_string}"},"query-input":{"@type":"PropertyValueSpecification","valueRequired":true,"valueName":"search_term_string"}}],"inLanguage":"es"},{"@type":"Organization","@id":"https:\/\/www.invicta.fr\/es\/#organization","name":"Invicta","url":"https:\/\/www.invicta.fr\/es\/","logo":{"@type":"ImageObject","inLanguage":"es","@id":"https:\/\/www.invicta.fr\/es\/#\/schema\/logo\/image\/","url":"https:\/\/www.invicta.fr\/wp-content\/uploads\/2019\/06\/INVICTALOGO_RVB.png","contentUrl":"https:\/\/www.invicta.fr\/wp-content\/uploads\/2019\/06\/INVICTALOGO_RVB.png","width":1810,"height":1280,"caption":"Invicta"},"image":{"@id":"https:\/\/www.invicta.fr\/es\/#\/schema\/logo\/image\/"}}]}},"_links":{"self":[{"href":"https:\/\/www.invicta.fr\/es\/wp-json\/wp\/v2\/product\/27540","targetHints":{"allow":["GET"]}}],"collection":[{"href":"https:\/\/www.invicta.fr\/es\/wp-json\/wp\/v2\/product"}],"about":[{"href":"https:\/\/www.invicta.fr\/es\/wp-json\/wp\/v2\/types\/product"}],"wp:featuredmedia":[{"embeddable":true,"href":"https:\/\/www.invicta.fr\/es\/wp-json\/wp\/v2\/media\/48941"}],"wp:attachment":[{"href":"https:\/\/www.invicta.fr\/es\/wp-json\/wp\/v2\/media?parent=27540"}],"wp:term":[{"taxonomy":"product_brand","embeddable":true,"href":"https:\/\/www.invicta.fr\/es\/wp-json\/wp\/v2\/product_brand?post=27540"},{"taxonomy":"product_cat","embeddable":true,"href":"https:\/\/www.invicta.fr\/es\/wp-json\/wp\/v2\/product_cat?post=27540"},{"taxonomy":"product_tag","embeddable":true,"href":"https:\/\/www.invicta.fr\/es\/wp-json\/wp\/v2\/product_tag?post=27540"},{"taxonomy":"plus_produit","embeddable":true,"href":"https:\/\/www.invicta.fr\/es\/wp-json\/wp\/v2\/plus_produit?post=27540"}],"curies":[{"name":"wp","href":"https:\/\/api.w.org\/{rel}","templated":true}]}}

<p>Canalizable y potente, la estufa de pellets Talo 11 es ideal para distribuir el aire cálido en varias habitaciones.</p>

<!-- This site is optimized with the Yoast SEO plugin v24.7 - https://yoast.com/wordpress/plugins/seo/ -->
<title>Estufa pellets Talo 11 - Invicta</title>
<meta name="description" content="Canalizable y potente, la estufa de pellets Talo 11 es ideal para distribuir el aire cálido en varias habitaciones." />
<meta name="robots" content="index, follow, max-snippet:-1, max-image-preview:large, max-video-preview:-1" />
<link rel="canonical" href="https://www.invicta.fr/es/produit/estufa-pellets-talo-11/" />
<meta property="og:locale" content="es_ES" />
<meta property="og:type" content="article" />
<meta property="og:title" content="Estufa pellets Talo 11 - Invicta" />
<meta property="og:description" content="Canalizable y potente, la estufa de pellets Talo 11 es ideal para distribuir el aire cálido en varias habitaciones." />
<meta property="og:url" content="https://www.invicta.fr/es/produit/estufa-pellets-talo-11/" />
<meta property="og:site_name" content="Invicta" />
<meta property="article:modified_time" content="2026-02-24T12:34:01+00:00" />
<meta name="twitter:card" content="summary_large_image" />
<script type="application/ld+json" class="yoast-schema-graph">{"@context":"https://schema.org","@graph":[{"@type":"WebPage","@id":"https://www.invicta.fr/es/produit/estufa-pellets-talo-11/","url":"https://www.invicta.fr/es/produit/estufa-pellets-talo-11/","name":"Estufa pellets Talo 11 - Invicta","isPartOf":{"@id":"https://www.invicta.fr/es/#website"},"primaryImageOfPage":{"@id":"https://www.invicta.fr/es/produit/estufa-pellets-talo-11/#primaryimage"},"image":{"@id":"https://www.invicta.fr/es/produit/estufa-pellets-talo-11/#primaryimage"},"thumbnailUrl":"https://www.invicta.fr/wp-content/uploads/2022/06/P641414-talo11-cyclo.jpg","datePublished":"2019-10-09T06:13:31+00:00","dateModified":"2026-02-24T12:34:01+00:00","description":"Canalizable y potente, la estufa de pellets Talo 11 es ideal para distribuir el aire cálido en varias habitaciones.","breadcrumb":{"@id":"https://www.invicta.fr/es/produit/estufa-pellets-talo-11/#breadcrumb"},"inLanguage":"es","potentialAction":[{"@type":"ReadAction","target":["https://www.invicta.fr/es/produit/estufa-pellets-talo-11/"]}]},{"@type":"ImageObject","inLanguage":"es","@id":"https://www.invicta.fr/es/produit/estufa-pellets-talo-11/#primaryimage","url":"https://www.invicta.fr/wp-content/uploads/2022/06/P641414-talo11-cyclo.jpg","contentUrl":"https://www.invicta.fr/wp-content/uploads/2022/06/P641414-talo11-cyclo.jpg","width":513,"height":800,"caption":"Poêle à granulés Invicta Talo 11"},{"@type":"BreadcrumbList","@id":"https://www.invicta.fr/es/produit/estufa-pellets-talo-11/#breadcrumb","itemListElement":[{"@type":"ListItem","position":1,"name":"Inicio","item":"https://www.invicta.fr/es/"},{"@type":"ListItem","position":2,"name":"Productos","item":"https://www.invicta.fr/es/shop/"},{"@type":"ListItem","position":3,"name":"Estufas de pellets","item":"https://www.invicta.fr/es/categorie-produit/estufas-de-pellets-es/"},{"@type":"ListItem","position":4,"name":"Estufas de pellets","item":"https://www.invicta.fr/es/categorie-produit/estufas-de-pellets-es/estufas-de-pellets/"},{"@type":"ListItem","position":5,"name":"Estufa pellets Talo 11"}]},{"@type":"WebSite","@id":"https://www.invicta.fr/es/#website","url":"https://www.invicta.fr/es/","name":"Invicta","description":"Fabricant français, spécialiste européen du chauffage au bois : poêles à bois et à granulés, cheminées, foyers et inserts","publisher":{"@id":"https://www.invicta.fr/es/#organization"},"potentialAction":[{"@type":"SearchAction","target":{"@type":"EntryPoint","urlTemplate":"https://www.invicta.fr/es/?s={search_term_string}"},"query-input":{"@type":"PropertyValueSpecification","valueRequired":true,"valueName":"search_term_string"}}],"inLanguage":"es"},{"@type":"Organization","@id":"https://www.invicta.fr/es/#organization","name":"Invicta","url":"https://www.invicta.fr/es/","logo":{"@type":"ImageObject","inLanguage":"es","@id":"https://www.invicta.fr/es/#/schema/logo/image/","url":"https://www.invicta.fr/wp-content/uploads/2019/06/INVICTALOGO_RVB.png","contentUrl":"https://www.invicta.fr/wp-content/uploads/2019/06/INVICTALOGO_RVB.png","width":1810,"height":1280,"caption":"Invicta"},"image":{"@id":"https://www.invicta.fr/es/#/schema/logo/image/"}}]}</script>
<!-- / Yoast SEO plugin. -->

Canalizable y potente, la estufa de pellets Talo 11 es ideal para distribuir el aire cálido en varias habitaciones.

Poêle à granulés Invicta Talo 11

Fabricant français, spécialiste européen du chauffage au bois : poêles à bois et à granulés, cheminées, foyers et inserts
