{"id":29348,"date":"2019-07-02T15:13:44","date_gmt":"2019-11-04T12:55:00","guid":{"rendered":"https:\/\/www.invicta.fr\/produit\/estufa-de-pellets-olea-lpe9\/"},"modified":"2024-02-15T15:54:21","modified_gmt":"2024-02-15T14:54:21","slug":"estufa-de-pellets-olea-ipe9","status":"publish","type":"product","link":"https:\/\/www.invicta.fr\/es\/produit\/estufa-de-pellets-olea-ipe9\/","title":{"rendered":"Estufa de pellets Olea IPE9"},"content":{"rendered":"","protected":false},"excerpt":{"rendered":"<p>Inyecte suavidad y armon\u00eda en su hogar con las l\u00edneas redondeadas de la estufa estanca Ol\u00e9a. Las vibraciones c\u00e1lidas y positivas fluyen alrededor de este modelo con sus colores sobrios.<\/p>\n","protected":false},"featured_media":0,"template":"","meta":{"_acf_changed":false},"product_brand":[],"product_cat":[2293,3058,6615,6707,6451,6614,6456,6449,6455,6453],"product_tag":[2301,2303,2317,2607,6618,6391,6460,2320,6833,6677,6845],"plus_produit":[3188,2597,6841,2318,6553,6673,2309,3187,2632,2296,2633],"class_list":{"1":"product","5":"product_cat-ayuda-en-la-eleccion","6":"product_cat-estufas-de-pellets-estancas","7":"product_cat-estufas-de-pellets-9-kw","8":"product_cat-estufas-de-pellets-de-9-kw","9":"product_cat-estufas-de-pellet-autonomas","10":"product_cat-diseno-de-estufas-de-pellets","11":"product_cat-estufas-de-pellets-contemporaneas","12":"product_cat-estufas-de-pellet-redondas","13":"product_cat-toma-de-pared-para-estufas-de-pellets","14":"product_cat-estufas-de-pellets-con-salida-de-aspiracion","15":"product_tag-flamme-verte-7","16":"product_tag-eco-design-2022-es","17":"product_tag-ecoetiqueta-a","18":"product_tag-conectable-estanco","19":"product_tag-opcion-de-control-remoto-c02260","20":"product_tag-wi-fi-option","21":"product_tag-zona-3-ventosa","22":"product_tag-garantia-de-2-anos","23":"product_tag-y-garantie-extension-1an-esp","24":"product_tag-impuesto-de-credito-z-es","25":"product_tag-z-reserve-pros-esp","26":"pa_autonomie-maximum-235-horas","27":"pa_autonomie-minimum-75-horas","28":"pa_capacite-de-la-tremie-165-kg","29":"pa_consommation-069-214-es","30":"pa_depart-des-fumees-detras","31":"pa_diametre-de-buse-80-mm-es","32":"pa_indice-de-performance-125-es","33":"pa_modulation-de-puissance-de-31-a-91-kw","34":"pa_puissance-9-kw-es","35":"pa_surface-de-chauffe-de-35-a-110-m","36":"pa_taux-de-co-00070-00148-es","37":"pa_volume-de-chauffe-de-85-a-275-m","38":"plus_produit-dictamen-tecnico-cstb-n-14-2-15-2130v5","39":"plus_produit-dispositivo-resistente-al-agua-compatible-con-rt2012","40":"plus_produit-extension-de-garantie-1-an-esp","41":"plus_produit-kit-de-control-de-la-combustion-kcc","42":"plus_produit-kit-wifi-opcional","43":"plus_produit-la-ventilacion-se-puede-desconectar","44":"plus_produit-posibilidad-de-control-por-termostato-externo-no-incluido","45":"plus_produit-posible-instalacion-de-fachada-zona-3-ventosa","46":"plus_produit-programacion-de-cronotermostato","47":"plus_produit-salida-de-aire-caliente-por-ventilador","48":"plus_produit-stand-by-espera","50":"first","51":"instock","52":"product-type-variable"},"acf":[],"yoast_head":"<!-- This site is optimized with the Yoast SEO plugin v24.7 - https:\/\/yoast.com\/wordpress\/plugins\/seo\/ -->\n<title>Estufa de pellets Olea IPE9 | INVICTA<\/title>\n<meta name=\"description\" content=\"Descubre la estufa de pellets Olea IPE9 con una potencia calor\u00edfica de 9kW \u2705 2 a\u00f1os de garant\u00eda\u2705 EcoLabel A+ \u2705 Green Flame 7\u2b50 \u2705 Estanca\u2705.\" \/>\n<meta name=\"robots\" content=\"index, follow, max-snippet:-1, max-image-preview:large, max-video-preview:-1\" \/>\n<link rel=\"canonical\" href=\"https:\/\/www.invicta.fr\/es\/produit\/estufa-de-pellets-olea-ipe9\/\" \/>\n<meta property=\"og:locale\" content=\"es_ES\" \/>\n<meta property=\"og:type\" content=\"article\" \/>\n<meta property=\"og:title\" content=\"Estufa de pellets Olea IPE9 | INVICTA\" \/>\n<meta property=\"og:description\" content=\"Descubre la estufa de pellets Olea IPE9 con una potencia calor\u00edfica de 9kW \u2705 2 a\u00f1os de garant\u00eda\u2705 EcoLabel A+ \u2705 Green Flame 7\u2b50 \u2705 Estanca\u2705.\" \/>\n<meta property=\"og:url\" content=\"https:\/\/www.invicta.fr\/es\/produit\/estufa-de-pellets-olea-ipe9\/\" \/>\n<meta property=\"og:site_name\" content=\"Invicta\" \/>\n<meta property=\"article:modified_time\" content=\"2024-02-15T14:54:21+00:00\" \/>\n<meta name=\"twitter:card\" content=\"summary_large_image\" \/>\n<script type=\"application\/ld+json\" class=\"yoast-schema-graph\">{\"@context\":\"https:\/\/schema.org\",\"@graph\":[{\"@type\":\"WebPage\",\"@id\":\"https:\/\/www.invicta.fr\/es\/produit\/estufa-de-pellets-olea-ipe9\/\",\"url\":\"https:\/\/www.invicta.fr\/es\/produit\/estufa-de-pellets-olea-ipe9\/\",\"name\":\"Estufa de pellets Olea IPE9 | INVICTA\",\"isPartOf\":{\"@id\":\"https:\/\/www.invicta.fr\/es\/#website\"},\"datePublished\":\"2019-11-04T12:55:00+00:00\",\"dateModified\":\"2024-02-15T14:54:21+00:00\",\"description\":\"Descubre la estufa de pellets Olea IPE9 con una potencia calor\u00edfica de 9kW \u2705 2 a\u00f1os de garant\u00eda\u2705 EcoLabel A+ \u2705 Green Flame 7\u2b50 \u2705 Estanca\u2705.\",\"breadcrumb\":{\"@id\":\"https:\/\/www.invicta.fr\/es\/produit\/estufa-de-pellets-olea-ipe9\/#breadcrumb\"},\"inLanguage\":\"es\",\"potentialAction\":[{\"@type\":\"ReadAction\",\"target\":[\"https:\/\/www.invicta.fr\/es\/produit\/estufa-de-pellets-olea-ipe9\/\"]}]},{\"@type\":\"BreadcrumbList\",\"@id\":\"https:\/\/www.invicta.fr\/es\/produit\/estufa-de-pellets-olea-ipe9\/#breadcrumb\",\"itemListElement\":[{\"@type\":\"ListItem\",\"position\":1,\"name\":\"Inicio\",\"item\":\"https:\/\/www.invicta.fr\/es\/\"},{\"@type\":\"ListItem\",\"position\":2,\"name\":\"Productos\",\"item\":\"https:\/\/www.invicta.fr\/es\/shop\/\"},{\"@type\":\"ListItem\",\"position\":3,\"name\":\"Estufas de pellets\",\"item\":\"https:\/\/www.invicta.fr\/es\/categorie-produit\/estufas-de-pellets-es\/\"},{\"@type\":\"ListItem\",\"position\":4,\"name\":\"Estufas de pellets estancas\",\"item\":\"https:\/\/www.invicta.fr\/es\/categorie-produit\/estufas-de-pellets-es\/estufas-de-pellets-estancas\/\"},{\"@type\":\"ListItem\",\"position\":5,\"name\":\"Estufa de pellets Olea IPE9\"}]},{\"@type\":\"WebSite\",\"@id\":\"https:\/\/www.invicta.fr\/es\/#website\",\"url\":\"https:\/\/www.invicta.fr\/es\/\",\"name\":\"Invicta\",\"description\":\"Fabricant fran\u00e7ais, sp\u00e9cialiste europ\u00e9en du chauffage au bois : po\u00eales \u00e0 bois et \u00e0 granul\u00e9s, chemin\u00e9es, foyers et inserts\",\"publisher\":{\"@id\":\"https:\/\/www.invicta.fr\/es\/#organization\"},\"potentialAction\":[{\"@type\":\"SearchAction\",\"target\":{\"@type\":\"EntryPoint\",\"urlTemplate\":\"https:\/\/www.invicta.fr\/es\/?s={search_term_string}\"},\"query-input\":{\"@type\":\"PropertyValueSpecification\",\"valueRequired\":true,\"valueName\":\"search_term_string\"}}],\"inLanguage\":\"es\"},{\"@type\":\"Organization\",\"@id\":\"https:\/\/www.invicta.fr\/es\/#organization\",\"name\":\"Invicta\",\"url\":\"https:\/\/www.invicta.fr\/es\/\",\"logo\":{\"@type\":\"ImageObject\",\"inLanguage\":\"es\",\"@id\":\"https:\/\/www.invicta.fr\/es\/#\/schema\/logo\/image\/\",\"url\":\"https:\/\/www.invicta.fr\/wp-content\/uploads\/2019\/06\/INVICTALOGO_RVB.png\",\"contentUrl\":\"https:\/\/www.invicta.fr\/wp-content\/uploads\/2019\/06\/INVICTALOGO_RVB.png\",\"width\":1810,\"height\":1280,\"caption\":\"Invicta\"},\"image\":{\"@id\":\"https:\/\/www.invicta.fr\/es\/#\/schema\/logo\/image\/\"}}]}<\/script>\n<!-- \/ Yoast SEO plugin. -->","yoast_head_json":{"title":"Estufa de pellets Olea IPE9 | INVICTA","description":"Descubre la estufa de pellets Olea IPE9 con una potencia calor\u00edfica de 9kW \u2705 2 a\u00f1os de garant\u00eda\u2705 EcoLabel A+ \u2705 Green Flame 7\u2b50 \u2705 Estanca\u2705.","robots":{"index":"index","follow":"follow","max-snippet":"max-snippet:-1","max-image-preview":"max-image-preview:large","max-video-preview":"max-video-preview:-1"},"canonical":"https:\/\/www.invicta.fr\/es\/produit\/estufa-de-pellets-olea-ipe9\/","og_locale":"es_ES","og_type":"article","og_title":"Estufa de pellets Olea IPE9 | INVICTA","og_description":"Descubre la estufa de pellets Olea IPE9 con una potencia calor\u00edfica de 9kW \u2705 2 a\u00f1os de garant\u00eda\u2705 EcoLabel A+ \u2705 Green Flame 7\u2b50 \u2705 Estanca\u2705.","og_url":"https:\/\/www.invicta.fr\/es\/produit\/estufa-de-pellets-olea-ipe9\/","og_site_name":"Invicta","article_modified_time":"2024-02-15T14:54:21+00:00","twitter_card":"summary_large_image","schema":{"@context":"https:\/\/schema.org","@graph":[{"@type":"WebPage","@id":"https:\/\/www.invicta.fr\/es\/produit\/estufa-de-pellets-olea-ipe9\/","url":"https:\/\/www.invicta.fr\/es\/produit\/estufa-de-pellets-olea-ipe9\/","name":"Estufa de pellets Olea IPE9 | INVICTA","isPartOf":{"@id":"https:\/\/www.invicta.fr\/es\/#website"},"datePublished":"2019-11-04T12:55:00+00:00","dateModified":"2024-02-15T14:54:21+00:00","description":"Descubre la estufa de pellets Olea IPE9 con una potencia calor\u00edfica de 9kW \u2705 2 a\u00f1os de garant\u00eda\u2705 EcoLabel A+ \u2705 Green Flame 7\u2b50 \u2705 Estanca\u2705.","breadcrumb":{"@id":"https:\/\/www.invicta.fr\/es\/produit\/estufa-de-pellets-olea-ipe9\/#breadcrumb"},"inLanguage":"es","potentialAction":[{"@type":"ReadAction","target":["https:\/\/www.invicta.fr\/es\/produit\/estufa-de-pellets-olea-ipe9\/"]}]},{"@type":"BreadcrumbList","@id":"https:\/\/www.invicta.fr\/es\/produit\/estufa-de-pellets-olea-ipe9\/#breadcrumb","itemListElement":[{"@type":"ListItem","position":1,"name":"Inicio","item":"https:\/\/www.invicta.fr\/es\/"},{"@type":"ListItem","position":2,"name":"Productos","item":"https:\/\/www.invicta.fr\/es\/shop\/"},{"@type":"ListItem","position":3,"name":"Estufas de pellets","item":"https:\/\/www.invicta.fr\/es\/categorie-produit\/estufas-de-pellets-es\/"},{"@type":"ListItem","position":4,"name":"Estufas de pellets estancas","item":"https:\/\/www.invicta.fr\/es\/categorie-produit\/estufas-de-pellets-es\/estufas-de-pellets-estancas\/"},{"@type":"ListItem","position":5,"name":"Estufa de pellets Olea IPE9"}]},{"@type":"WebSite","@id":"https:\/\/www.invicta.fr\/es\/#website","url":"https:\/\/www.invicta.fr\/es\/","name":"Invicta","description":"Fabricant fran\u00e7ais, sp\u00e9cialiste europ\u00e9en du chauffage au bois : po\u00eales \u00e0 bois et \u00e0 granul\u00e9s, chemin\u00e9es, foyers et inserts","publisher":{"@id":"https:\/\/www.invicta.fr\/es\/#organization"},"potentialAction":[{"@type":"SearchAction","target":{"@type":"EntryPoint","urlTemplate":"https:\/\/www.invicta.fr\/es\/?s={search_term_string}"},"query-input":{"@type":"PropertyValueSpecification","valueRequired":true,"valueName":"search_term_string"}}],"inLanguage":"es"},{"@type":"Organization","@id":"https:\/\/www.invicta.fr\/es\/#organization","name":"Invicta","url":"https:\/\/www.invicta.fr\/es\/","logo":{"@type":"ImageObject","inLanguage":"es","@id":"https:\/\/www.invicta.fr\/es\/#\/schema\/logo\/image\/","url":"https:\/\/www.invicta.fr\/wp-content\/uploads\/2019\/06\/INVICTALOGO_RVB.png","contentUrl":"https:\/\/www.invicta.fr\/wp-content\/uploads\/2019\/06\/INVICTALOGO_RVB.png","width":1810,"height":1280,"caption":"Invicta"},"image":{"@id":"https:\/\/www.invicta.fr\/es\/#\/schema\/logo\/image\/"}}]}},"_links":{"self":[{"href":"https:\/\/www.invicta.fr\/es\/wp-json\/wp\/v2\/product\/29348","targetHints":{"allow":["GET"]}}],"collection":[{"href":"https:\/\/www.invicta.fr\/es\/wp-json\/wp\/v2\/product"}],"about":[{"href":"https:\/\/www.invicta.fr\/es\/wp-json\/wp\/v2\/types\/product"}],"wp:attachment":[{"href":"https:\/\/www.invicta.fr\/es\/wp-json\/wp\/v2\/media?parent=29348"}],"wp:term":[{"taxonomy":"product_brand","embeddable":true,"href":"https:\/\/www.invicta.fr\/es\/wp-json\/wp\/v2\/product_brand?post=29348"},{"taxonomy":"product_cat","embeddable":true,"href":"https:\/\/www.invicta.fr\/es\/wp-json\/wp\/v2\/product_cat?post=29348"},{"taxonomy":"product_tag","embeddable":true,"href":"https:\/\/www.invicta.fr\/es\/wp-json\/wp\/v2\/product_tag?post=29348"},{"taxonomy":"plus_produit","embeddable":true,"href":"https:\/\/www.invicta.fr\/es\/wp-json\/wp\/v2\/plus_produit?post=29348"}],"curies":[{"name":"wp","href":"https:\/\/api.w.org\/{rel}","templated":true}]}}

<p>Inyecte suavidad y armonía en su hogar con las líneas redondeadas de la estufa estanca Oléa. Las vibraciones cálidas y positivas fluyen alrededor de este modelo con sus colores sobrios.</p>

<!-- This site is optimized with the Yoast SEO plugin v24.7 - https://yoast.com/wordpress/plugins/seo/ -->
<title>Estufa de pellets Olea IPE9 | INVICTA</title>
<meta name="description" content="Descubre la estufa de pellets Olea IPE9 con una potencia calorífica de 9kW ✅ 2 años de garantía✅ EcoLabel A+ ✅ Green Flame 7⭐ ✅ Estanca✅." />
<meta name="robots" content="index, follow, max-snippet:-1, max-image-preview:large, max-video-preview:-1" />
<link rel="canonical" href="https://www.invicta.fr/es/produit/estufa-de-pellets-olea-ipe9/" />
<meta property="og:locale" content="es_ES" />
<meta property="og:type" content="article" />
<meta property="og:title" content="Estufa de pellets Olea IPE9 | INVICTA" />
<meta property="og:description" content="Descubre la estufa de pellets Olea IPE9 con una potencia calorífica de 9kW ✅ 2 años de garantía✅ EcoLabel A+ ✅ Green Flame 7⭐ ✅ Estanca✅." />
<meta property="og:url" content="https://www.invicta.fr/es/produit/estufa-de-pellets-olea-ipe9/" />
<meta property="og:site_name" content="Invicta" />
<meta property="article:modified_time" content="2024-02-15T14:54:21+00:00" />
<meta name="twitter:card" content="summary_large_image" />
<script type="application/ld+json" class="yoast-schema-graph">{"@context":"https://schema.org","@graph":[{"@type":"WebPage","@id":"https://www.invicta.fr/es/produit/estufa-de-pellets-olea-ipe9/","url":"https://www.invicta.fr/es/produit/estufa-de-pellets-olea-ipe9/","name":"Estufa de pellets Olea IPE9 | INVICTA","isPartOf":{"@id":"https://www.invicta.fr/es/#website"},"datePublished":"2019-11-04T12:55:00+00:00","dateModified":"2024-02-15T14:54:21+00:00","description":"Descubre la estufa de pellets Olea IPE9 con una potencia calorífica de 9kW ✅ 2 años de garantía✅ EcoLabel A+ ✅ Green Flame 7⭐ ✅ Estanca✅.","breadcrumb":{"@id":"https://www.invicta.fr/es/produit/estufa-de-pellets-olea-ipe9/#breadcrumb"},"inLanguage":"es","potentialAction":[{"@type":"ReadAction","target":["https://www.invicta.fr/es/produit/estufa-de-pellets-olea-ipe9/"]}]},{"@type":"BreadcrumbList","@id":"https://www.invicta.fr/es/produit/estufa-de-pellets-olea-ipe9/#breadcrumb","itemListElement":[{"@type":"ListItem","position":1,"name":"Inicio","item":"https://www.invicta.fr/es/"},{"@type":"ListItem","position":2,"name":"Productos","item":"https://www.invicta.fr/es/shop/"},{"@type":"ListItem","position":3,"name":"Estufas de pellets","item":"https://www.invicta.fr/es/categorie-produit/estufas-de-pellets-es/"},{"@type":"ListItem","position":4,"name":"Estufas de pellets estancas","item":"https://www.invicta.fr/es/categorie-produit/estufas-de-pellets-es/estufas-de-pellets-estancas/"},{"@type":"ListItem","position":5,"name":"Estufa de pellets Olea IPE9"}]},{"@type":"WebSite","@id":"https://www.invicta.fr/es/#website","url":"https://www.invicta.fr/es/","name":"Invicta","description":"Fabricant français, spécialiste européen du chauffage au bois : poêles à bois et à granulés, cheminées, foyers et inserts","publisher":{"@id":"https://www.invicta.fr/es/#organization"},"potentialAction":[{"@type":"SearchAction","target":{"@type":"EntryPoint","urlTemplate":"https://www.invicta.fr/es/?s={search_term_string}"},"query-input":{"@type":"PropertyValueSpecification","valueRequired":true,"valueName":"search_term_string"}}],"inLanguage":"es"},{"@type":"Organization","@id":"https://www.invicta.fr/es/#organization","name":"Invicta","url":"https://www.invicta.fr/es/","logo":{"@type":"ImageObject","inLanguage":"es","@id":"https://www.invicta.fr/es/#/schema/logo/image/","url":"https://www.invicta.fr/wp-content/uploads/2019/06/INVICTALOGO_RVB.png","contentUrl":"https://www.invicta.fr/wp-content/uploads/2019/06/INVICTALOGO_RVB.png","width":1810,"height":1280,"caption":"Invicta"},"image":{"@id":"https://www.invicta.fr/es/#/schema/logo/image/"}}]}</script>
<!-- / Yoast SEO plugin. -->

Descubre la estufa de pellets Olea IPE9 con una potencia calorífica de 9kW ✅ 2 años de garantía✅ EcoLabel A+ ✅ Green Flame 7⭐ ✅ Estanca✅.

Fabricant français, spécialiste européen du chauffage au bois : poêles à bois et à granulés, cheminées, foyers et inserts
