{"id":32139,"date":"2019-07-04T11:26:21","date_gmt":"2019-11-18T16:42:47","guid":{"rendered":"https:\/\/www.invicta.fr\/produit\/estufa-de-pellets-adrano-7\/"},"modified":"2025-11-12T16:01:24","modified_gmt":"2025-11-12T15:01:24","slug":"adrano-7","status":"publish","type":"product","link":"https:\/\/www.invicta.fr\/es\/produit\/adrano-7\/","title":{"rendered":"Estufa de pellets Adrano 7"},"content":{"rendered":"","protected":false},"excerpt":{"rendered":"<p>B\u00e1sica, sencilla. Con Adrano tiene las bases de una calefacci\u00f3n de pellets con buen rendimiento.<\/p>\n","protected":false},"featured_media":1144,"template":"","meta":{"_acf_changed":false},"product_brand":[],"product_cat":[2293,2321,6451,6448,6456,6450,6676],"product_tag":[7108,2301,2303,2317,6391,7048,6833,6677],"plus_produit":[2294,6841,2524,6553,2309,2312,2296,2633],"class_list":{"1":"product","4":"has-post-thumbnail","6":"product_cat-ayuda-en-la-eleccion","7":"product_cat-estufas-de-pellets","8":"product_cat-estufas-de-pellet-autonomas","9":"product_cat-estufas-de-pellets-programables","10":"product_cat-estufas-de-pellets-contemporaneas","11":"product_cat-estufas-de-pellets-modernas","12":"product_cat-pequenas-estufas-de-pellets","13":"product_tag-en16510-es","14":"product_tag-flamme-verte-7","15":"product_tag-eco-design-2022-es","16":"product_tag-ecoetiqueta-a","17":"product_tag-wi-fi-option","18":"product_tag-y-garantia-de-3-anos","19":"product_tag-y-garantie-extension-1an-esp","20":"product_tag-impuesto-de-credito-z-es","21":"pa_autonomie-maximum-215-es","22":"pa_autonomie-minimum-8-5-horas","23":"pa_capacite-de-la-tremie-15-kg-es","24":"pa_depart-des-fumees-detras","25":"pa_diametre-de-buse-80-mm-es","26":"pa_indice-de-performance-124-es","27":"pa_modulation-de-puissance-31-a-73-kw-es","28":"pa_puissance-7-kw-es","29":"pa_surface-de-chauffe-de-25-a-85-m","30":"pa_volume-de-chauffe-de-65-a-210-m3","31":"plus_produit-control-de-la-potencia-5-o-de-la-temperatura-ambiente","32":"plus_produit-extension-de-garantie-1-an-esp","33":"plus_produit-ideal-para-presupuestos-ajustados","34":"plus_produit-kit-wifi-opcional","35":"plus_produit-posibilidad-de-control-por-termostato-externo-no-incluido","36":"plus_produit-programacion-horaria","37":"plus_produit-salida-de-aire-caliente-por-ventilador","38":"plus_produit-stand-by-espera","40":"first","41":"instock","42":"shipping-taxable","43":"product-type-variable"},"acf":[],"yoast_head":"<!-- This site is optimized with the Yoast SEO plugin v24.7 - https:\/\/yoast.com\/wordpress\/plugins\/seo\/ -->\n<title>Estufa de pellets Adrano 7 - Invicta<\/title>\n<meta name=\"description\" content=\"B\u00e1sica, sencilla. Con Adrano tiene las bases de una calefacci\u00f3n de pellets con buen rendimiento.\" \/>\n<meta name=\"robots\" content=\"index, follow, max-snippet:-1, max-image-preview:large, max-video-preview:-1\" \/>\n<link rel=\"canonical\" href=\"https:\/\/www.invicta.fr\/es\/produit\/adrano-7\/\" \/>\n<meta property=\"og:locale\" content=\"es_ES\" \/>\n<meta property=\"og:type\" content=\"article\" \/>\n<meta property=\"og:title\" content=\"Estufa de pellets Adrano 7 - Invicta\" \/>\n<meta property=\"og:description\" content=\"B\u00e1sica, sencilla. Con Adrano tiene las bases de una calefacci\u00f3n de pellets con buen rendimiento.\" \/>\n<meta property=\"og:url\" content=\"https:\/\/www.invicta.fr\/es\/produit\/adrano-7\/\" \/>\n<meta property=\"og:site_name\" content=\"Invicta\" \/>\n<meta property=\"article:modified_time\" content=\"2025-11-12T15:01:24+00:00\" \/>\n<meta name=\"twitter:card\" content=\"summary_large_image\" \/>\n<script type=\"application\/ld+json\" class=\"yoast-schema-graph\">{\"@context\":\"https:\/\/schema.org\",\"@graph\":[{\"@type\":\"WebPage\",\"@id\":\"https:\/\/www.invicta.fr\/es\/produit\/adrano-7\/\",\"url\":\"https:\/\/www.invicta.fr\/es\/produit\/adrano-7\/\",\"name\":\"Estufa de pellets Adrano 7 - Invicta\",\"isPartOf\":{\"@id\":\"https:\/\/www.invicta.fr\/es\/#website\"},\"primaryImageOfPage\":{\"@id\":\"https:\/\/www.invicta.fr\/es\/produit\/adrano-7\/#primaryimage\"},\"image\":{\"@id\":\"https:\/\/www.invicta.fr\/es\/produit\/adrano-7\/#primaryimage\"},\"thumbnailUrl\":\"https:\/\/www.invicta.fr\/wp-content\/uploads\/2019\/07\/ADRANO_NOIR_Cyclo-e1567757886869.jpg\",\"datePublished\":\"2019-11-18T16:42:47+00:00\",\"dateModified\":\"2025-11-12T15:01:24+00:00\",\"description\":\"B\u00e1sica, sencilla. Con Adrano tiene las bases de una calefacci\u00f3n de pellets con buen rendimiento.\",\"breadcrumb\":{\"@id\":\"https:\/\/www.invicta.fr\/es\/produit\/adrano-7\/#breadcrumb\"},\"inLanguage\":\"es\",\"potentialAction\":[{\"@type\":\"ReadAction\",\"target\":[\"https:\/\/www.invicta.fr\/es\/produit\/adrano-7\/\"]}]},{\"@type\":\"ImageObject\",\"inLanguage\":\"es\",\"@id\":\"https:\/\/www.invicta.fr\/es\/produit\/adrano-7\/#primaryimage\",\"url\":\"https:\/\/www.invicta.fr\/wp-content\/uploads\/2019\/07\/ADRANO_NOIR_Cyclo-e1567757886869.jpg\",\"contentUrl\":\"https:\/\/www.invicta.fr\/wp-content\/uploads\/2019\/07\/ADRANO_NOIR_Cyclo-e1567757886869.jpg\",\"width\":695,\"height\":1080,\"caption\":\"Po\u00eale \u00e0 granul\u00e9s Invicta Adrano\"},{\"@type\":\"BreadcrumbList\",\"@id\":\"https:\/\/www.invicta.fr\/es\/produit\/adrano-7\/#breadcrumb\",\"itemListElement\":[{\"@type\":\"ListItem\",\"position\":1,\"name\":\"Inicio\",\"item\":\"https:\/\/www.invicta.fr\/es\/\"},{\"@type\":\"ListItem\",\"position\":2,\"name\":\"Productos\",\"item\":\"https:\/\/www.invicta.fr\/es\/shop\/\"},{\"@type\":\"ListItem\",\"position\":3,\"name\":\"Estufas de pellets\",\"item\":\"https:\/\/www.invicta.fr\/es\/categorie-produit\/estufas-de-pellets-es\/\"},{\"@type\":\"ListItem\",\"position\":4,\"name\":\"Estufas de pellets\",\"item\":\"https:\/\/www.invicta.fr\/es\/categorie-produit\/estufas-de-pellets-es\/estufas-de-pellets\/\"},{\"@type\":\"ListItem\",\"position\":5,\"name\":\"Estufa de pellets Adrano 7\"}]},{\"@type\":\"WebSite\",\"@id\":\"https:\/\/www.invicta.fr\/es\/#website\",\"url\":\"https:\/\/www.invicta.fr\/es\/\",\"name\":\"Invicta\",\"description\":\"Fabricant fran\u00e7ais, sp\u00e9cialiste europ\u00e9en du chauffage au bois : po\u00eales \u00e0 bois et \u00e0 granul\u00e9s, chemin\u00e9es, foyers et inserts\",\"publisher\":{\"@id\":\"https:\/\/www.invicta.fr\/es\/#organization\"},\"potentialAction\":[{\"@type\":\"SearchAction\",\"target\":{\"@type\":\"EntryPoint\",\"urlTemplate\":\"https:\/\/www.invicta.fr\/es\/?s={search_term_string}\"},\"query-input\":{\"@type\":\"PropertyValueSpecification\",\"valueRequired\":true,\"valueName\":\"search_term_string\"}}],\"inLanguage\":\"es\"},{\"@type\":\"Organization\",\"@id\":\"https:\/\/www.invicta.fr\/es\/#organization\",\"name\":\"Invicta\",\"url\":\"https:\/\/www.invicta.fr\/es\/\",\"logo\":{\"@type\":\"ImageObject\",\"inLanguage\":\"es\",\"@id\":\"https:\/\/www.invicta.fr\/es\/#\/schema\/logo\/image\/\",\"url\":\"https:\/\/www.invicta.fr\/wp-content\/uploads\/2019\/06\/INVICTALOGO_RVB.png\",\"contentUrl\":\"https:\/\/www.invicta.fr\/wp-content\/uploads\/2019\/06\/INVICTALOGO_RVB.png\",\"width\":1810,\"height\":1280,\"caption\":\"Invicta\"},\"image\":{\"@id\":\"https:\/\/www.invicta.fr\/es\/#\/schema\/logo\/image\/\"}}]}<\/script>\n<!-- \/ Yoast SEO plugin. -->","yoast_head_json":{"title":"Estufa de pellets Adrano 7 - Invicta","description":"B\u00e1sica, sencilla. Con Adrano tiene las bases de una calefacci\u00f3n de pellets con buen rendimiento.","robots":{"index":"index","follow":"follow","max-snippet":"max-snippet:-1","max-image-preview":"max-image-preview:large","max-video-preview":"max-video-preview:-1"},"canonical":"https:\/\/www.invicta.fr\/es\/produit\/adrano-7\/","og_locale":"es_ES","og_type":"article","og_title":"Estufa de pellets Adrano 7 - Invicta","og_description":"B\u00e1sica, sencilla. Con Adrano tiene las bases de una calefacci\u00f3n de pellets con buen rendimiento.","og_url":"https:\/\/www.invicta.fr\/es\/produit\/adrano-7\/","og_site_name":"Invicta","article_modified_time":"2025-11-12T15:01:24+00:00","twitter_card":"summary_large_image","schema":{"@context":"https:\/\/schema.org","@graph":[{"@type":"WebPage","@id":"https:\/\/www.invicta.fr\/es\/produit\/adrano-7\/","url":"https:\/\/www.invicta.fr\/es\/produit\/adrano-7\/","name":"Estufa de pellets Adrano 7 - Invicta","isPartOf":{"@id":"https:\/\/www.invicta.fr\/es\/#website"},"primaryImageOfPage":{"@id":"https:\/\/www.invicta.fr\/es\/produit\/adrano-7\/#primaryimage"},"image":{"@id":"https:\/\/www.invicta.fr\/es\/produit\/adrano-7\/#primaryimage"},"thumbnailUrl":"https:\/\/www.invicta.fr\/wp-content\/uploads\/2019\/07\/ADRANO_NOIR_Cyclo-e1567757886869.jpg","datePublished":"2019-11-18T16:42:47+00:00","dateModified":"2025-11-12T15:01:24+00:00","description":"B\u00e1sica, sencilla. Con Adrano tiene las bases de una calefacci\u00f3n de pellets con buen rendimiento.","breadcrumb":{"@id":"https:\/\/www.invicta.fr\/es\/produit\/adrano-7\/#breadcrumb"},"inLanguage":"es","potentialAction":[{"@type":"ReadAction","target":["https:\/\/www.invicta.fr\/es\/produit\/adrano-7\/"]}]},{"@type":"ImageObject","inLanguage":"es","@id":"https:\/\/www.invicta.fr\/es\/produit\/adrano-7\/#primaryimage","url":"https:\/\/www.invicta.fr\/wp-content\/uploads\/2019\/07\/ADRANO_NOIR_Cyclo-e1567757886869.jpg","contentUrl":"https:\/\/www.invicta.fr\/wp-content\/uploads\/2019\/07\/ADRANO_NOIR_Cyclo-e1567757886869.jpg","width":695,"height":1080,"caption":"Po\u00eale \u00e0 granul\u00e9s Invicta Adrano"},{"@type":"BreadcrumbList","@id":"https:\/\/www.invicta.fr\/es\/produit\/adrano-7\/#breadcrumb","itemListElement":[{"@type":"ListItem","position":1,"name":"Inicio","item":"https:\/\/www.invicta.fr\/es\/"},{"@type":"ListItem","position":2,"name":"Productos","item":"https:\/\/www.invicta.fr\/es\/shop\/"},{"@type":"ListItem","position":3,"name":"Estufas de pellets","item":"https:\/\/www.invicta.fr\/es\/categorie-produit\/estufas-de-pellets-es\/"},{"@type":"ListItem","position":4,"name":"Estufas de pellets","item":"https:\/\/www.invicta.fr\/es\/categorie-produit\/estufas-de-pellets-es\/estufas-de-pellets\/"},{"@type":"ListItem","position":5,"name":"Estufa de pellets Adrano 7"}]},{"@type":"WebSite","@id":"https:\/\/www.invicta.fr\/es\/#website","url":"https:\/\/www.invicta.fr\/es\/","name":"Invicta","description":"Fabricant fran\u00e7ais, sp\u00e9cialiste europ\u00e9en du chauffage au bois : po\u00eales \u00e0 bois et \u00e0 granul\u00e9s, chemin\u00e9es, foyers et inserts","publisher":{"@id":"https:\/\/www.invicta.fr\/es\/#organization"},"potentialAction":[{"@type":"SearchAction","target":{"@type":"EntryPoint","urlTemplate":"https:\/\/www.invicta.fr\/es\/?s={search_term_string}"},"query-input":{"@type":"PropertyValueSpecification","valueRequired":true,"valueName":"search_term_string"}}],"inLanguage":"es"},{"@type":"Organization","@id":"https:\/\/www.invicta.fr\/es\/#organization","name":"Invicta","url":"https:\/\/www.invicta.fr\/es\/","logo":{"@type":"ImageObject","inLanguage":"es","@id":"https:\/\/www.invicta.fr\/es\/#\/schema\/logo\/image\/","url":"https:\/\/www.invicta.fr\/wp-content\/uploads\/2019\/06\/INVICTALOGO_RVB.png","contentUrl":"https:\/\/www.invicta.fr\/wp-content\/uploads\/2019\/06\/INVICTALOGO_RVB.png","width":1810,"height":1280,"caption":"Invicta"},"image":{"@id":"https:\/\/www.invicta.fr\/es\/#\/schema\/logo\/image\/"}}]}},"_links":{"self":[{"href":"https:\/\/www.invicta.fr\/es\/wp-json\/wp\/v2\/product\/32139","targetHints":{"allow":["GET"]}}],"collection":[{"href":"https:\/\/www.invicta.fr\/es\/wp-json\/wp\/v2\/product"}],"about":[{"href":"https:\/\/www.invicta.fr\/es\/wp-json\/wp\/v2\/types\/product"}],"wp:featuredmedia":[{"embeddable":true,"href":"https:\/\/www.invicta.fr\/es\/wp-json\/wp\/v2\/media\/1144"}],"wp:attachment":[{"href":"https:\/\/www.invicta.fr\/es\/wp-json\/wp\/v2\/media?parent=32139"}],"wp:term":[{"taxonomy":"product_brand","embeddable":true,"href":"https:\/\/www.invicta.fr\/es\/wp-json\/wp\/v2\/product_brand?post=32139"},{"taxonomy":"product_cat","embeddable":true,"href":"https:\/\/www.invicta.fr\/es\/wp-json\/wp\/v2\/product_cat?post=32139"},{"taxonomy":"product_tag","embeddable":true,"href":"https:\/\/www.invicta.fr\/es\/wp-json\/wp\/v2\/product_tag?post=32139"},{"taxonomy":"plus_produit","embeddable":true,"href":"https:\/\/www.invicta.fr\/es\/wp-json\/wp\/v2\/plus_produit?post=32139"}],"curies":[{"name":"wp","href":"https:\/\/api.w.org\/{rel}","templated":true}]}}

<p>Básica, sencilla. Con Adrano tiene las bases de una calefacción de pellets con buen rendimiento.</p>

<!-- This site is optimized with the Yoast SEO plugin v24.7 - https://yoast.com/wordpress/plugins/seo/ -->
<title>Estufa de pellets Adrano 7 - Invicta</title>
<meta name="description" content="Básica, sencilla. Con Adrano tiene las bases de una calefacción de pellets con buen rendimiento." />
<meta name="robots" content="index, follow, max-snippet:-1, max-image-preview:large, max-video-preview:-1" />
<link rel="canonical" href="https://www.invicta.fr/es/produit/adrano-7/" />
<meta property="og:locale" content="es_ES" />
<meta property="og:type" content="article" />
<meta property="og:title" content="Estufa de pellets Adrano 7 - Invicta" />
<meta property="og:description" content="Básica, sencilla. Con Adrano tiene las bases de una calefacción de pellets con buen rendimiento." />
<meta property="og:url" content="https://www.invicta.fr/es/produit/adrano-7/" />
<meta property="og:site_name" content="Invicta" />
<meta property="article:modified_time" content="2025-11-12T15:01:24+00:00" />
<meta name="twitter:card" content="summary_large_image" />
<script type="application/ld+json" class="yoast-schema-graph">{"@context":"https://schema.org","@graph":[{"@type":"WebPage","@id":"https://www.invicta.fr/es/produit/adrano-7/","url":"https://www.invicta.fr/es/produit/adrano-7/","name":"Estufa de pellets Adrano 7 - Invicta","isPartOf":{"@id":"https://www.invicta.fr/es/#website"},"primaryImageOfPage":{"@id":"https://www.invicta.fr/es/produit/adrano-7/#primaryimage"},"image":{"@id":"https://www.invicta.fr/es/produit/adrano-7/#primaryimage"},"thumbnailUrl":"https://www.invicta.fr/wp-content/uploads/2019/07/ADRANO_NOIR_Cyclo-e1567757886869.jpg","datePublished":"2019-11-18T16:42:47+00:00","dateModified":"2025-11-12T15:01:24+00:00","description":"Básica, sencilla. Con Adrano tiene las bases de una calefacción de pellets con buen rendimiento.","breadcrumb":{"@id":"https://www.invicta.fr/es/produit/adrano-7/#breadcrumb"},"inLanguage":"es","potentialAction":[{"@type":"ReadAction","target":["https://www.invicta.fr/es/produit/adrano-7/"]}]},{"@type":"ImageObject","inLanguage":"es","@id":"https://www.invicta.fr/es/produit/adrano-7/#primaryimage","url":"https://www.invicta.fr/wp-content/uploads/2019/07/ADRANO_NOIR_Cyclo-e1567757886869.jpg","contentUrl":"https://www.invicta.fr/wp-content/uploads/2019/07/ADRANO_NOIR_Cyclo-e1567757886869.jpg","width":695,"height":1080,"caption":"Poêle à granulés Invicta Adrano"},{"@type":"BreadcrumbList","@id":"https://www.invicta.fr/es/produit/adrano-7/#breadcrumb","itemListElement":[{"@type":"ListItem","position":1,"name":"Inicio","item":"https://www.invicta.fr/es/"},{"@type":"ListItem","position":2,"name":"Productos","item":"https://www.invicta.fr/es/shop/"},{"@type":"ListItem","position":3,"name":"Estufas de pellets","item":"https://www.invicta.fr/es/categorie-produit/estufas-de-pellets-es/"},{"@type":"ListItem","position":4,"name":"Estufas de pellets","item":"https://www.invicta.fr/es/categorie-produit/estufas-de-pellets-es/estufas-de-pellets/"},{"@type":"ListItem","position":5,"name":"Estufa de pellets Adrano 7"}]},{"@type":"WebSite","@id":"https://www.invicta.fr/es/#website","url":"https://www.invicta.fr/es/","name":"Invicta","description":"Fabricant français, spécialiste européen du chauffage au bois : poêles à bois et à granulés, cheminées, foyers et inserts","publisher":{"@id":"https://www.invicta.fr/es/#organization"},"potentialAction":[{"@type":"SearchAction","target":{"@type":"EntryPoint","urlTemplate":"https://www.invicta.fr/es/?s={search_term_string}"},"query-input":{"@type":"PropertyValueSpecification","valueRequired":true,"valueName":"search_term_string"}}],"inLanguage":"es"},{"@type":"Organization","@id":"https://www.invicta.fr/es/#organization","name":"Invicta","url":"https://www.invicta.fr/es/","logo":{"@type":"ImageObject","inLanguage":"es","@id":"https://www.invicta.fr/es/#/schema/logo/image/","url":"https://www.invicta.fr/wp-content/uploads/2019/06/INVICTALOGO_RVB.png","contentUrl":"https://www.invicta.fr/wp-content/uploads/2019/06/INVICTALOGO_RVB.png","width":1810,"height":1280,"caption":"Invicta"},"image":{"@id":"https://www.invicta.fr/es/#/schema/logo/image/"}}]}</script>
<!-- / Yoast SEO plugin. -->

Básica, sencilla. Con Adrano tiene las bases de una calefacción de pellets con buen rendimiento.

Poêle à granulés Invicta Adrano

Fabricant français, spécialiste européen du chauffage au bois : poêles à bois et à granulés, cheminées, foyers et inserts
