{"id":975,"date":"2019-07-02T15:11:00","date_gmt":"2019-07-02T13:11:00","guid":{"rendered":"https:\/\/www.invicta.fr\/?post_type=product&#038;p=975"},"modified":"2026-04-09T17:05:51","modified_gmt":"2026-04-09T15:05:51","slug":"poele-fonte-raccordable-altara","status":"publish","type":"product","link":"https:\/\/www.invicta.fr\/fr\/produit\/poele-fonte-raccordable-altara\/","title":{"rendered":"Po\u00eale Fonte Altara raccordable"},"content":{"rendered":"","protected":false},"excerpt":{"rendered":"<p>Look impeccable, talent reconnu pour ses hautes performances, 7 fois \u00e9toil\u00e9 par le label Flamme, ALTARA est promis \u00e0 une longue et ardente carri\u00e8re dans tous les styles d\u2019habitat. <em>Design : Bernard Dequet<\/em><\/p>\n<p>&nbsp;<\/p>\n","protected":false},"featured_media":26830,"template":"","meta":{"_acf_changed":false},"product_brand":[],"product_cat":[2117,44,5849],"product_tag":[7105,57,58,59,62,7017,51,52,53,73,65,6826,60],"plus_produit":[612,2043,6834,1592,1919,2042,1983,129,130],"class_list":{"1":"product","4":"has-post-thumbnail","6":"product_cat-aide-au-choix","7":"product_cat-poeles-a-bois-fonte-acier","8":"product_cat-poeles-a-bois-7-kw","9":"product_tag-en16510","10":"product_tag-flamme-verte","11":"product_tag-eco-design-2022","12":"product_tag-a-ecolabel","13":"product_tag-101-fabrication-francaise","14":"product_tag-blmschv2","15":"product_tag-fonte-100","16":"product_tag-habillage-vermiculite","17":"product_tag-post-combustion","18":"product_tag-raccordable-2","19":"product_tag-garantie-2-ans","20":"product_tag-garantie-extension-3-ans","21":"product_tag-z-credit-impot","22":"pa_depart-des-fumees-dessus","23":"pa_diametre-de-buse-150-mm","24":"pa_indice-de-performance-5715","25":"pa_puissance-optimale-7-kw","26":"pa_surface-de-chauffe-40-a-85-m","27":"pa_taux-de-co-203","28":"pa_volume-de-chauffe-100-210-m","29":"plus_produit-air-secondaire-reglable","30":"plus_produit-cendrier-grande-capacite","31":"plus_produit-extension-de-garantie-3-ans","32":"plus_produit-habillage-de-la-chambre-de-combustion-en-fonte","33":"plus_produit-origine-france-garantie","34":"plus_produit-poignee-prise-haute","35":"plus_produit-raccordable","36":"plus_produit-systeme-de-post-combustion","37":"plus_produit-vitre-propre","39":"first","40":"instock","41":"product-type-simple"},"acf":[],"yoast_head":"<!-- This site is optimized with the Yoast SEO plugin v24.7 - https:\/\/yoast.com\/wordpress\/plugins\/seo\/ -->\n<title>Po\u00eale \u00e0 bois en Fonte raccordable Altara | INVICTA<\/title>\n<meta name=\"description\" content=\"D\u00e9couvrez le Po\u00eale \u00e0 bois en Fonte Altara avec puissance de chauffe 7kW \u2705 Garantie 5ans\u2705 EcoLabel A\u2705 Flamme verte 7\u2b50 \u2705 100% Fonte\u2705\" \/>\n<meta name=\"robots\" content=\"index, follow, max-snippet:-1, max-image-preview:large, max-video-preview:-1\" \/>\n<link rel=\"canonical\" href=\"https:\/\/www.invicta.fr\/fr\/produit\/poele-fonte-raccordable-altara\/\" \/>\n<meta property=\"og:locale\" content=\"fr_FR\" \/>\n<meta property=\"og:type\" content=\"article\" \/>\n<meta property=\"og:title\" content=\"Po\u00eale \u00e0 bois en Fonte raccordable Altara | INVICTA\" \/>\n<meta property=\"og:description\" content=\"D\u00e9couvrez le Po\u00eale \u00e0 bois en Fonte Altara avec puissance de chauffe 7kW \u2705 Garantie 5ans\u2705 EcoLabel A\u2705 Flamme verte 7\u2b50 \u2705 100% Fonte\u2705\" \/>\n<meta property=\"og:url\" content=\"https:\/\/www.invicta.fr\/fr\/produit\/poele-fonte-raccordable-altara\/\" \/>\n<meta property=\"og:site_name\" content=\"Invicta\" \/>\n<meta property=\"article:modified_time\" content=\"2026-04-09T15:05:51+00:00\" \/>\n<meta property=\"og:image\" content=\"https:\/\/www.invicta.fr\/wp-content\/uploads\/2019\/07\/new-ALTARA-2.jpg\" \/>\n\t<meta property=\"og:image:width\" content=\"527\" \/>\n\t<meta property=\"og:image:height\" content=\"1058\" \/>\n\t<meta property=\"og:image:type\" content=\"image\/jpeg\" \/>\n<meta name=\"twitter:card\" content=\"summary_large_image\" \/>\n<script type=\"application\/ld+json\" class=\"yoast-schema-graph\">{\"@context\":\"https:\/\/schema.org\",\"@graph\":[{\"@type\":\"WebPage\",\"@id\":\"https:\/\/www.invicta.fr\/fr\/produit\/poele-fonte-raccordable-altara\/\",\"url\":\"https:\/\/www.invicta.fr\/fr\/produit\/poele-fonte-raccordable-altara\/\",\"name\":\"Po\u00eale \u00e0 bois en Fonte raccordable Altara | INVICTA\",\"isPartOf\":{\"@id\":\"https:\/\/www.invicta.fr\/fr\/#website\"},\"primaryImageOfPage\":{\"@id\":\"https:\/\/www.invicta.fr\/fr\/produit\/poele-fonte-raccordable-altara\/#primaryimage\"},\"image\":{\"@id\":\"https:\/\/www.invicta.fr\/fr\/produit\/poele-fonte-raccordable-altara\/#primaryimage\"},\"thumbnailUrl\":\"https:\/\/www.invicta.fr\/wp-content\/uploads\/2019\/07\/new-ALTARA-2.jpg\",\"datePublished\":\"2019-07-02T13:11:00+00:00\",\"dateModified\":\"2026-04-09T15:05:51+00:00\",\"description\":\"D\u00e9couvrez le Po\u00eale \u00e0 bois en Fonte Altara avec puissance de chauffe 7kW \u2705 Garantie 5ans\u2705 EcoLabel A\u2705 Flamme verte 7\u2b50 \u2705 100% Fonte\u2705\",\"breadcrumb\":{\"@id\":\"https:\/\/www.invicta.fr\/fr\/produit\/poele-fonte-raccordable-altara\/#breadcrumb\"},\"inLanguage\":\"fr-FR\",\"potentialAction\":[{\"@type\":\"ReadAction\",\"target\":[\"https:\/\/www.invicta.fr\/fr\/produit\/poele-fonte-raccordable-altara\/\"]}]},{\"@type\":\"ImageObject\",\"inLanguage\":\"fr-FR\",\"@id\":\"https:\/\/www.invicta.fr\/fr\/produit\/poele-fonte-raccordable-altara\/#primaryimage\",\"url\":\"https:\/\/www.invicta.fr\/wp-content\/uploads\/2019\/07\/new-ALTARA-2.jpg\",\"contentUrl\":\"https:\/\/www.invicta.fr\/wp-content\/uploads\/2019\/07\/new-ALTARA-2.jpg\",\"width\":527,\"height\":1058,\"caption\":\"Po\u00eale \u00e0 bois fonte Invicta Altara - 7 kW\"},{\"@type\":\"BreadcrumbList\",\"@id\":\"https:\/\/www.invicta.fr\/fr\/produit\/poele-fonte-raccordable-altara\/#breadcrumb\",\"itemListElement\":[{\"@type\":\"ListItem\",\"position\":1,\"name\":\"Accueil\",\"item\":\"https:\/\/www.invicta.fr\/fr\/\"},{\"@type\":\"ListItem\",\"position\":2,\"name\":\"Produits\",\"item\":\"https:\/\/www.invicta.fr\/fr\/shop\/\"},{\"@type\":\"ListItem\",\"position\":3,\"name\":\"Po\u00eales \u00e0 Bois\",\"item\":\"https:\/\/www.invicta.fr\/fr\/categorie-produit\/poeles-bois\/\"},{\"@type\":\"ListItem\",\"position\":4,\"name\":\"Po\u00eales \u00e0 Bois en Fonte\",\"item\":\"https:\/\/www.invicta.fr\/fr\/categorie-produit\/poeles-bois\/poeles-a-bois-fonte-acier\/\"},{\"@type\":\"ListItem\",\"position\":5,\"name\":\"Po\u00eale Fonte Altara raccordable\"}]},{\"@type\":\"WebSite\",\"@id\":\"https:\/\/www.invicta.fr\/fr\/#website\",\"url\":\"https:\/\/www.invicta.fr\/fr\/\",\"name\":\"Invicta\",\"description\":\"Fabricant fran\u00e7ais, sp\u00e9cialiste europ\u00e9en du chauffage au bois : po\u00eales \u00e0 bois et \u00e0 granul\u00e9s, chemin\u00e9es, foyers et inserts\",\"publisher\":{\"@id\":\"https:\/\/www.invicta.fr\/fr\/#organization\"},\"potentialAction\":[{\"@type\":\"SearchAction\",\"target\":{\"@type\":\"EntryPoint\",\"urlTemplate\":\"https:\/\/www.invicta.fr\/fr\/?s={search_term_string}\"},\"query-input\":{\"@type\":\"PropertyValueSpecification\",\"valueRequired\":true,\"valueName\":\"search_term_string\"}}],\"inLanguage\":\"fr-FR\"},{\"@type\":\"Organization\",\"@id\":\"https:\/\/www.invicta.fr\/fr\/#organization\",\"name\":\"Invicta\",\"url\":\"https:\/\/www.invicta.fr\/fr\/\",\"logo\":{\"@type\":\"ImageObject\",\"inLanguage\":\"fr-FR\",\"@id\":\"https:\/\/www.invicta.fr\/fr\/#\/schema\/logo\/image\/\",\"url\":\"https:\/\/www.invicta.fr\/wp-content\/uploads\/2019\/06\/INVICTALOGO_RVB.png\",\"contentUrl\":\"https:\/\/www.invicta.fr\/wp-content\/uploads\/2019\/06\/INVICTALOGO_RVB.png\",\"width\":1810,\"height\":1280,\"caption\":\"Invicta\"},\"image\":{\"@id\":\"https:\/\/www.invicta.fr\/fr\/#\/schema\/logo\/image\/\"}}]}<\/script>\n<!-- \/ Yoast SEO plugin. -->","yoast_head_json":{"title":"Po\u00eale \u00e0 bois en Fonte raccordable Altara | INVICTA","description":"D\u00e9couvrez le Po\u00eale \u00e0 bois en Fonte Altara avec puissance de chauffe 7kW \u2705 Garantie 5ans\u2705 EcoLabel A\u2705 Flamme verte 7\u2b50 \u2705 100% Fonte\u2705","robots":{"index":"index","follow":"follow","max-snippet":"max-snippet:-1","max-image-preview":"max-image-preview:large","max-video-preview":"max-video-preview:-1"},"canonical":"https:\/\/www.invicta.fr\/fr\/produit\/poele-fonte-raccordable-altara\/","og_locale":"fr_FR","og_type":"article","og_title":"Po\u00eale \u00e0 bois en Fonte raccordable Altara | INVICTA","og_description":"D\u00e9couvrez le Po\u00eale \u00e0 bois en Fonte Altara avec puissance de chauffe 7kW \u2705 Garantie 5ans\u2705 EcoLabel A\u2705 Flamme verte 7\u2b50 \u2705 100% Fonte\u2705","og_url":"https:\/\/www.invicta.fr\/fr\/produit\/poele-fonte-raccordable-altara\/","og_site_name":"Invicta","article_modified_time":"2026-04-09T15:05:51+00:00","og_image":[{"width":527,"height":1058,"url":"https:\/\/www.invicta.fr\/wp-content\/uploads\/2019\/07\/new-ALTARA-2.jpg","type":"image\/jpeg"}],"twitter_card":"summary_large_image","schema":{"@context":"https:\/\/schema.org","@graph":[{"@type":"WebPage","@id":"https:\/\/www.invicta.fr\/fr\/produit\/poele-fonte-raccordable-altara\/","url":"https:\/\/www.invicta.fr\/fr\/produit\/poele-fonte-raccordable-altara\/","name":"Po\u00eale \u00e0 bois en Fonte raccordable Altara | INVICTA","isPartOf":{"@id":"https:\/\/www.invicta.fr\/fr\/#website"},"primaryImageOfPage":{"@id":"https:\/\/www.invicta.fr\/fr\/produit\/poele-fonte-raccordable-altara\/#primaryimage"},"image":{"@id":"https:\/\/www.invicta.fr\/fr\/produit\/poele-fonte-raccordable-altara\/#primaryimage"},"thumbnailUrl":"https:\/\/www.invicta.fr\/wp-content\/uploads\/2019\/07\/new-ALTARA-2.jpg","datePublished":"2019-07-02T13:11:00+00:00","dateModified":"2026-04-09T15:05:51+00:00","description":"D\u00e9couvrez le Po\u00eale \u00e0 bois en Fonte Altara avec puissance de chauffe 7kW \u2705 Garantie 5ans\u2705 EcoLabel A\u2705 Flamme verte 7\u2b50 \u2705 100% Fonte\u2705","breadcrumb":{"@id":"https:\/\/www.invicta.fr\/fr\/produit\/poele-fonte-raccordable-altara\/#breadcrumb"},"inLanguage":"fr-FR","potentialAction":[{"@type":"ReadAction","target":["https:\/\/www.invicta.fr\/fr\/produit\/poele-fonte-raccordable-altara\/"]}]},{"@type":"ImageObject","inLanguage":"fr-FR","@id":"https:\/\/www.invicta.fr\/fr\/produit\/poele-fonte-raccordable-altara\/#primaryimage","url":"https:\/\/www.invicta.fr\/wp-content\/uploads\/2019\/07\/new-ALTARA-2.jpg","contentUrl":"https:\/\/www.invicta.fr\/wp-content\/uploads\/2019\/07\/new-ALTARA-2.jpg","width":527,"height":1058,"caption":"Po\u00eale \u00e0 bois fonte Invicta Altara - 7 kW"},{"@type":"BreadcrumbList","@id":"https:\/\/www.invicta.fr\/fr\/produit\/poele-fonte-raccordable-altara\/#breadcrumb","itemListElement":[{"@type":"ListItem","position":1,"name":"Accueil","item":"https:\/\/www.invicta.fr\/fr\/"},{"@type":"ListItem","position":2,"name":"Produits","item":"https:\/\/www.invicta.fr\/fr\/shop\/"},{"@type":"ListItem","position":3,"name":"Po\u00eales \u00e0 Bois","item":"https:\/\/www.invicta.fr\/fr\/categorie-produit\/poeles-bois\/"},{"@type":"ListItem","position":4,"name":"Po\u00eales \u00e0 Bois en Fonte","item":"https:\/\/www.invicta.fr\/fr\/categorie-produit\/poeles-bois\/poeles-a-bois-fonte-acier\/"},{"@type":"ListItem","position":5,"name":"Po\u00eale Fonte Altara raccordable"}]},{"@type":"WebSite","@id":"https:\/\/www.invicta.fr\/fr\/#website","url":"https:\/\/www.invicta.fr\/fr\/","name":"Invicta","description":"Fabricant fran\u00e7ais, sp\u00e9cialiste europ\u00e9en du chauffage au bois : po\u00eales \u00e0 bois et \u00e0 granul\u00e9s, chemin\u00e9es, foyers et inserts","publisher":{"@id":"https:\/\/www.invicta.fr\/fr\/#organization"},"potentialAction":[{"@type":"SearchAction","target":{"@type":"EntryPoint","urlTemplate":"https:\/\/www.invicta.fr\/fr\/?s={search_term_string}"},"query-input":{"@type":"PropertyValueSpecification","valueRequired":true,"valueName":"search_term_string"}}],"inLanguage":"fr-FR"},{"@type":"Organization","@id":"https:\/\/www.invicta.fr\/fr\/#organization","name":"Invicta","url":"https:\/\/www.invicta.fr\/fr\/","logo":{"@type":"ImageObject","inLanguage":"fr-FR","@id":"https:\/\/www.invicta.fr\/fr\/#\/schema\/logo\/image\/","url":"https:\/\/www.invicta.fr\/wp-content\/uploads\/2019\/06\/INVICTALOGO_RVB.png","contentUrl":"https:\/\/www.invicta.fr\/wp-content\/uploads\/2019\/06\/INVICTALOGO_RVB.png","width":1810,"height":1280,"caption":"Invicta"},"image":{"@id":"https:\/\/www.invicta.fr\/fr\/#\/schema\/logo\/image\/"}}]}},"_links":{"self":[{"href":"https:\/\/www.invicta.fr\/fr\/wp-json\/wp\/v2\/product\/975","targetHints":{"allow":["GET"]}}],"collection":[{"href":"https:\/\/www.invicta.fr\/fr\/wp-json\/wp\/v2\/product"}],"about":[{"href":"https:\/\/www.invicta.fr\/fr\/wp-json\/wp\/v2\/types\/product"}],"wp:featuredmedia":[{"embeddable":true,"href":"https:\/\/www.invicta.fr\/fr\/wp-json\/wp\/v2\/media\/26830"}],"wp:attachment":[{"href":"https:\/\/www.invicta.fr\/fr\/wp-json\/wp\/v2\/media?parent=975"}],"wp:term":[{"taxonomy":"product_brand","embeddable":true,"href":"https:\/\/www.invicta.fr\/fr\/wp-json\/wp\/v2\/product_brand?post=975"},{"taxonomy":"product_cat","embeddable":true,"href":"https:\/\/www.invicta.fr\/fr\/wp-json\/wp\/v2\/product_cat?post=975"},{"taxonomy":"product_tag","embeddable":true,"href":"https:\/\/www.invicta.fr\/fr\/wp-json\/wp\/v2\/product_tag?post=975"},{"taxonomy":"plus_produit","embeddable":true,"href":"https:\/\/www.invicta.fr\/fr\/wp-json\/wp\/v2\/plus_produit?post=975"}],"curies":[{"name":"wp","href":"https:\/\/api.w.org\/{rel}","templated":true}]}}

Poêle Fonte Altara raccordable

<p>Look impeccable, talent reconnu pour ses hautes performances, 7 fois étoilé par le label Flamme, ALTARA est promis à une longue et ardente carrière dans tous les styles d’habitat. <em>Design : Bernard Dequet</em></p>
<p>&nbsp;</p>

<!-- This site is optimized with the Yoast SEO plugin v24.7 - https://yoast.com/wordpress/plugins/seo/ -->
<title>Poêle à bois en Fonte raccordable Altara | INVICTA</title>
<meta name="description" content="Découvrez le Poêle à bois en Fonte Altara avec puissance de chauffe 7kW ✅ Garantie 5ans✅ EcoLabel A✅ Flamme verte 7⭐ ✅ 100% Fonte✅" />
<meta name="robots" content="index, follow, max-snippet:-1, max-image-preview:large, max-video-preview:-1" />
<link rel="canonical" href="https://www.invicta.fr/fr/produit/poele-fonte-raccordable-altara/" />
<meta property="og:locale" content="fr_FR" />
<meta property="og:type" content="article" />
<meta property="og:title" content="Poêle à bois en Fonte raccordable Altara | INVICTA" />
<meta property="og:description" content="Découvrez le Poêle à bois en Fonte Altara avec puissance de chauffe 7kW ✅ Garantie 5ans✅ EcoLabel A✅ Flamme verte 7⭐ ✅ 100% Fonte✅" />
<meta property="og:url" content="https://www.invicta.fr/fr/produit/poele-fonte-raccordable-altara/" />
<meta property="og:site_name" content="Invicta" />
<meta property="article:modified_time" content="2026-04-09T15:05:51+00:00" />
<meta property="og:image" content="https://www.invicta.fr/wp-content/uploads/2019/07/new-ALTARA-2.jpg" />
	<meta property="og:image:width" content="527" />
	<meta property="og:image:height" content="1058" />
	<meta property="og:image:type" content="image/jpeg" />
<meta name="twitter:card" content="summary_large_image" />
<script type="application/ld+json" class="yoast-schema-graph">{"@context":"https://schema.org","@graph":[{"@type":"WebPage","@id":"https://www.invicta.fr/fr/produit/poele-fonte-raccordable-altara/","url":"https://www.invicta.fr/fr/produit/poele-fonte-raccordable-altara/","name":"Poêle à bois en Fonte raccordable Altara | INVICTA","isPartOf":{"@id":"https://www.invicta.fr/fr/#website"},"primaryImageOfPage":{"@id":"https://www.invicta.fr/fr/produit/poele-fonte-raccordable-altara/#primaryimage"},"image":{"@id":"https://www.invicta.fr/fr/produit/poele-fonte-raccordable-altara/#primaryimage"},"thumbnailUrl":"https://www.invicta.fr/wp-content/uploads/2019/07/new-ALTARA-2.jpg","datePublished":"2019-07-02T13:11:00+00:00","dateModified":"2026-04-09T15:05:51+00:00","description":"Découvrez le Poêle à bois en Fonte Altara avec puissance de chauffe 7kW ✅ Garantie 5ans✅ EcoLabel A✅ Flamme verte 7⭐ ✅ 100% Fonte✅","breadcrumb":{"@id":"https://www.invicta.fr/fr/produit/poele-fonte-raccordable-altara/#breadcrumb"},"inLanguage":"fr-FR","potentialAction":[{"@type":"ReadAction","target":["https://www.invicta.fr/fr/produit/poele-fonte-raccordable-altara/"]}]},{"@type":"ImageObject","inLanguage":"fr-FR","@id":"https://www.invicta.fr/fr/produit/poele-fonte-raccordable-altara/#primaryimage","url":"https://www.invicta.fr/wp-content/uploads/2019/07/new-ALTARA-2.jpg","contentUrl":"https://www.invicta.fr/wp-content/uploads/2019/07/new-ALTARA-2.jpg","width":527,"height":1058,"caption":"Poêle à bois fonte Invicta Altara - 7 kW"},{"@type":"BreadcrumbList","@id":"https://www.invicta.fr/fr/produit/poele-fonte-raccordable-altara/#breadcrumb","itemListElement":[{"@type":"ListItem","position":1,"name":"Accueil","item":"https://www.invicta.fr/fr/"},{"@type":"ListItem","position":2,"name":"Produits","item":"https://www.invicta.fr/fr/shop/"},{"@type":"ListItem","position":3,"name":"Poêles à Bois","item":"https://www.invicta.fr/fr/categorie-produit/poeles-bois/"},{"@type":"ListItem","position":4,"name":"Poêles à Bois en Fonte","item":"https://www.invicta.fr/fr/categorie-produit/poeles-bois/poeles-a-bois-fonte-acier/"},{"@type":"ListItem","position":5,"name":"Poêle Fonte Altara raccordable"}]},{"@type":"WebSite","@id":"https://www.invicta.fr/fr/#website","url":"https://www.invicta.fr/fr/","name":"Invicta","description":"Fabricant français, spécialiste européen du chauffage au bois : poêles à bois et à granulés, cheminées, foyers et inserts","publisher":{"@id":"https://www.invicta.fr/fr/#organization"},"potentialAction":[{"@type":"SearchAction","target":{"@type":"EntryPoint","urlTemplate":"https://www.invicta.fr/fr/?s={search_term_string}"},"query-input":{"@type":"PropertyValueSpecification","valueRequired":true,"valueName":"search_term_string"}}],"inLanguage":"fr-FR"},{"@type":"Organization","@id":"https://www.invicta.fr/fr/#organization","name":"Invicta","url":"https://www.invicta.fr/fr/","logo":{"@type":"ImageObject","inLanguage":"fr-FR","@id":"https://www.invicta.fr/fr/#/schema/logo/image/","url":"https://www.invicta.fr/wp-content/uploads/2019/06/INVICTALOGO_RVB.png","contentUrl":"https://www.invicta.fr/wp-content/uploads/2019/06/INVICTALOGO_RVB.png","width":1810,"height":1280,"caption":"Invicta"},"image":{"@id":"https://www.invicta.fr/fr/#/schema/logo/image/"}}]}</script>
<!-- / Yoast SEO plugin. -->

Poêle à bois en Fonte raccordable Altara | INVICTA

Découvrez le Poêle à bois en Fonte Altara avec puissance de chauffe 7kW ✅ Garantie 5ans✅ EcoLabel A✅ Flamme verte 7⭐ ✅ 100% Fonte✅

Poêle à bois fonte Invicta Altara - 7 kW

Poêles à Bois

Poêles à Bois en Fonte

Fabricant français, spécialiste européen du chauffage au bois : poêles à bois et à granulés, cheminées, foyers et inserts
