{"id":70936,"date":"2025-11-19T14:02:48","date_gmt":"2025-11-19T13:02:49","guid":{"rendered":"https:\/\/www.invicta.fr\/?post_type=product&#038;p=70936"},"modified":"2025-11-19T14:31:34","modified_gmt":"2025-11-19T13:31:34","slug":"recuperador-ventilado-800c-copie-2","status":"publish","type":"product","link":"https:\/\/www.invicta.fr\/pt\/produit\/recuperador-ventilado-800c-copie-2\/","title":{"rendered":"Recuperador ventilado 800C"},"content":{"rendered":"","protected":false},"excerpt":{"rendered":"<p>Esta recuperador de grande formato fornece bem-estar e conforto no seu interior. Beneficia de um alto desempenho energ\u00e9tico ao instalar este modelo de recuperador numa lareira aberta.<\/p>\n","protected":false},"featured_media":45667,"template":"","meta":{"_acf_changed":false},"product_brand":[],"product_cat":[3105,4385,6889],"product_tag":[7107,3311,3310,3277,3276,4388,3312,4513,6832,6658],"plus_produit":[3325,4085,6837,3306,3326,3307],"class_list":{"1":"product","4":"has-post-thumbnail","6":"product_cat-ajuda-na-selecao","7":"product_cat-recuperador-ventilado","8":"product_cat-insert-a-lenha","9":"product_tag-en16510-pt","10":"product_tag-flamme-verte-7-pt","11":"product_tag-eco-design-2022-es-pt","12":"product_tag-certificacion-ecolabel-a-pt","13":"product_tag-feita-na-franca","14":"product_tag-ferro-fundido-carenagem-aco","15":"product_tag-post-combustion-es-pt","16":"product_tag-garantia-de-3-anos-pt","17":"product_tag-y-extension-garantie-2ans-por","18":"product_tag-imposto-de-credito-z","19":"pa_depart-des-fumees-parte-superior-pt","20":"pa_diametre-de-buse-200-mm-pt","21":"pa_options-accessoires-adaptadores-para-saida-de-ar-quente","22":"pa_puissance-12-kw-pt","23":"pa_surface-de-chauffe-65-a-145-m-pt","24":"pa_taux-de-co-012-es-pt","25":"pa_volume-de-chauffe-160-a-360-m-pt-2","26":"plus_produit-combustao-intermitente-e-prolongada-3-horas","27":"plus_produit-difusao-de-ar-quente-por-ventilacao-forcada-pt","28":"plus_produit-extensao-de-garantia-2-anos","29":"plus_produit-origine-france-garantie","30":"plus_produit-sistema-de-post-combustion-pt","31":"plus_produit-vidro-proprio","33":"first","34":"instock","35":"product-type-simple"},"acf":[],"yoast_head":"<!-- This site is optimized with the Yoast SEO plugin v24.7 - https:\/\/yoast.com\/wordpress\/plugins\/seo\/ -->\n<title>Recuperador ventilado 800C - Invicta<\/title>\n<meta name=\"description\" content=\"Esta recuperador de grande formato fornece bem-estar e conforto no seu interior. Beneficia de um alto desempenho energ\u00e9tico ao instalar este modelo de recuperador numa lareira aberta.\" \/>\n<meta name=\"robots\" content=\"index, follow, max-snippet:-1, max-image-preview:large, max-video-preview:-1\" \/>\n<link rel=\"canonical\" href=\"https:\/\/www.invicta.fr\/pt\/produit\/recuperador-ventilado-800c-copie-2\/\" \/>\n<meta property=\"og:locale\" content=\"pt_PT\" \/>\n<meta property=\"og:type\" content=\"article\" \/>\n<meta property=\"og:title\" content=\"Recuperador ventilado 800C - Invicta\" \/>\n<meta property=\"og:description\" content=\"Esta recuperador de grande formato fornece bem-estar e conforto no seu interior. Beneficia de um alto desempenho energ\u00e9tico ao instalar este modelo de recuperador numa lareira aberta.\" \/>\n<meta property=\"og:url\" content=\"https:\/\/www.invicta.fr\/pt\/produit\/recuperador-ventilado-800c-copie-2\/\" \/>\n<meta property=\"og:site_name\" content=\"Invicta\" \/>\n<meta property=\"article:modified_time\" content=\"2025-11-19T13:31:34+00:00\" \/>\n<meta property=\"og:image\" content=\"https:\/\/www.invicta.fr\/wp-content\/uploads\/2022\/01\/C-P900844-sans-manchette.jpg\" \/>\n\t<meta property=\"og:image:width\" content=\"1256\" \/>\n\t<meta property=\"og:image:height\" content=\"1080\" \/>\n\t<meta property=\"og:image:type\" content=\"image\/jpeg\" \/>\n<meta name=\"twitter:card\" content=\"summary_large_image\" \/>\n<script type=\"application\/ld+json\" class=\"yoast-schema-graph\">{\"@context\":\"https:\/\/schema.org\",\"@graph\":[{\"@type\":\"WebPage\",\"@id\":\"https:\/\/www.invicta.fr\/pt\/produit\/recuperador-ventilado-800c-copie-2\/\",\"url\":\"https:\/\/www.invicta.fr\/pt\/produit\/recuperador-ventilado-800c-copie-2\/\",\"name\":\"Recuperador ventilado 800C - Invicta\",\"isPartOf\":{\"@id\":\"https:\/\/www.invicta.fr\/pt\/#website\"},\"primaryImageOfPage\":{\"@id\":\"https:\/\/www.invicta.fr\/pt\/produit\/recuperador-ventilado-800c-copie-2\/#primaryimage\"},\"image\":{\"@id\":\"https:\/\/www.invicta.fr\/pt\/produit\/recuperador-ventilado-800c-copie-2\/#primaryimage\"},\"thumbnailUrl\":\"https:\/\/www.invicta.fr\/wp-content\/uploads\/2022\/01\/C-P900844-sans-manchette.jpg\",\"datePublished\":\"2025-11-19T13:02:49+00:00\",\"dateModified\":\"2025-11-19T13:31:34+00:00\",\"description\":\"Esta recuperador de grande formato fornece bem-estar e conforto no seu interior. Beneficia de um alto desempenho energ\u00e9tico ao instalar este modelo de recuperador numa lareira aberta.\",\"breadcrumb\":{\"@id\":\"https:\/\/www.invicta.fr\/pt\/produit\/recuperador-ventilado-800c-copie-2\/#breadcrumb\"},\"inLanguage\":\"pt-PT\",\"potentialAction\":[{\"@type\":\"ReadAction\",\"target\":[\"https:\/\/www.invicta.fr\/pt\/produit\/recuperador-ventilado-800c-copie-2\/\"]}]},{\"@type\":\"ImageObject\",\"inLanguage\":\"pt-PT\",\"@id\":\"https:\/\/www.invicta.fr\/pt\/produit\/recuperador-ventilado-800c-copie-2\/#primaryimage\",\"url\":\"https:\/\/www.invicta.fr\/wp-content\/uploads\/2022\/01\/C-P900844-sans-manchette.jpg\",\"contentUrl\":\"https:\/\/www.invicta.fr\/wp-content\/uploads\/2022\/01\/C-P900844-sans-manchette.jpg\",\"width\":1256,\"height\":1080,\"caption\":\"Insert fonte Invicta 800\"},{\"@type\":\"BreadcrumbList\",\"@id\":\"https:\/\/www.invicta.fr\/pt\/produit\/recuperador-ventilado-800c-copie-2\/#breadcrumb\",\"itemListElement\":[{\"@type\":\"ListItem\",\"position\":1,\"name\":\"Home\",\"item\":\"https:\/\/www.invicta.fr\/pt\/\"},{\"@type\":\"ListItem\",\"position\":2,\"name\":\"Produtos\",\"item\":\"https:\/\/www.invicta.fr\/pt\/shop\/\"},{\"@type\":\"ListItem\",\"position\":3,\"name\":\"Recuperadores\",\"item\":\"https:\/\/www.invicta.fr\/pt\/categorie-produit\/recuperadores\/\"},{\"@type\":\"ListItem\",\"position\":4,\"name\":\"Recuperador ventilado\",\"item\":\"https:\/\/www.invicta.fr\/pt\/categorie-produit\/recuperadores\/recuperador-ventilado\/\"},{\"@type\":\"ListItem\",\"position\":5,\"name\":\"Recuperador ventilado 800C\"}]},{\"@type\":\"WebSite\",\"@id\":\"https:\/\/www.invicta.fr\/pt\/#website\",\"url\":\"https:\/\/www.invicta.fr\/pt\/\",\"name\":\"Invicta\",\"description\":\"Fabricant fran\u00e7ais, sp\u00e9cialiste europ\u00e9en du chauffage au bois : po\u00eales \u00e0 bois et \u00e0 granul\u00e9s, chemin\u00e9es, foyers et inserts\",\"publisher\":{\"@id\":\"https:\/\/www.invicta.fr\/pt\/#organization\"},\"potentialAction\":[{\"@type\":\"SearchAction\",\"target\":{\"@type\":\"EntryPoint\",\"urlTemplate\":\"https:\/\/www.invicta.fr\/pt\/?s={search_term_string}\"},\"query-input\":{\"@type\":\"PropertyValueSpecification\",\"valueRequired\":true,\"valueName\":\"search_term_string\"}}],\"inLanguage\":\"pt-PT\"},{\"@type\":\"Organization\",\"@id\":\"https:\/\/www.invicta.fr\/pt\/#organization\",\"name\":\"Invicta\",\"url\":\"https:\/\/www.invicta.fr\/pt\/\",\"logo\":{\"@type\":\"ImageObject\",\"inLanguage\":\"pt-PT\",\"@id\":\"https:\/\/www.invicta.fr\/pt\/#\/schema\/logo\/image\/\",\"url\":\"https:\/\/www.invicta.fr\/wp-content\/uploads\/2019\/06\/INVICTALOGO_RVB.png\",\"contentUrl\":\"https:\/\/www.invicta.fr\/wp-content\/uploads\/2019\/06\/INVICTALOGO_RVB.png\",\"width\":1810,\"height\":1280,\"caption\":\"Invicta\"},\"image\":{\"@id\":\"https:\/\/www.invicta.fr\/pt\/#\/schema\/logo\/image\/\"}}]}<\/script>\n<!-- \/ Yoast SEO plugin. -->","yoast_head_json":{"title":"Recuperador ventilado 800C - Invicta","description":"Esta recuperador de grande formato fornece bem-estar e conforto no seu interior. Beneficia de um alto desempenho energ\u00e9tico ao instalar este modelo de recuperador numa lareira aberta.","robots":{"index":"index","follow":"follow","max-snippet":"max-snippet:-1","max-image-preview":"max-image-preview:large","max-video-preview":"max-video-preview:-1"},"canonical":"https:\/\/www.invicta.fr\/pt\/produit\/recuperador-ventilado-800c-copie-2\/","og_locale":"pt_PT","og_type":"article","og_title":"Recuperador ventilado 800C - Invicta","og_description":"Esta recuperador de grande formato fornece bem-estar e conforto no seu interior. Beneficia de um alto desempenho energ\u00e9tico ao instalar este modelo de recuperador numa lareira aberta.","og_url":"https:\/\/www.invicta.fr\/pt\/produit\/recuperador-ventilado-800c-copie-2\/","og_site_name":"Invicta","article_modified_time":"2025-11-19T13:31:34+00:00","og_image":[{"width":1256,"height":1080,"url":"https:\/\/www.invicta.fr\/wp-content\/uploads\/2022\/01\/C-P900844-sans-manchette.jpg","type":"image\/jpeg"}],"twitter_card":"summary_large_image","schema":{"@context":"https:\/\/schema.org","@graph":[{"@type":"WebPage","@id":"https:\/\/www.invicta.fr\/pt\/produit\/recuperador-ventilado-800c-copie-2\/","url":"https:\/\/www.invicta.fr\/pt\/produit\/recuperador-ventilado-800c-copie-2\/","name":"Recuperador ventilado 800C - Invicta","isPartOf":{"@id":"https:\/\/www.invicta.fr\/pt\/#website"},"primaryImageOfPage":{"@id":"https:\/\/www.invicta.fr\/pt\/produit\/recuperador-ventilado-800c-copie-2\/#primaryimage"},"image":{"@id":"https:\/\/www.invicta.fr\/pt\/produit\/recuperador-ventilado-800c-copie-2\/#primaryimage"},"thumbnailUrl":"https:\/\/www.invicta.fr\/wp-content\/uploads\/2022\/01\/C-P900844-sans-manchette.jpg","datePublished":"2025-11-19T13:02:49+00:00","dateModified":"2025-11-19T13:31:34+00:00","description":"Esta recuperador de grande formato fornece bem-estar e conforto no seu interior. Beneficia de um alto desempenho energ\u00e9tico ao instalar este modelo de recuperador numa lareira aberta.","breadcrumb":{"@id":"https:\/\/www.invicta.fr\/pt\/produit\/recuperador-ventilado-800c-copie-2\/#breadcrumb"},"inLanguage":"pt-PT","potentialAction":[{"@type":"ReadAction","target":["https:\/\/www.invicta.fr\/pt\/produit\/recuperador-ventilado-800c-copie-2\/"]}]},{"@type":"ImageObject","inLanguage":"pt-PT","@id":"https:\/\/www.invicta.fr\/pt\/produit\/recuperador-ventilado-800c-copie-2\/#primaryimage","url":"https:\/\/www.invicta.fr\/wp-content\/uploads\/2022\/01\/C-P900844-sans-manchette.jpg","contentUrl":"https:\/\/www.invicta.fr\/wp-content\/uploads\/2022\/01\/C-P900844-sans-manchette.jpg","width":1256,"height":1080,"caption":"Insert fonte Invicta 800"},{"@type":"BreadcrumbList","@id":"https:\/\/www.invicta.fr\/pt\/produit\/recuperador-ventilado-800c-copie-2\/#breadcrumb","itemListElement":[{"@type":"ListItem","position":1,"name":"Home","item":"https:\/\/www.invicta.fr\/pt\/"},{"@type":"ListItem","position":2,"name":"Produtos","item":"https:\/\/www.invicta.fr\/pt\/shop\/"},{"@type":"ListItem","position":3,"name":"Recuperadores","item":"https:\/\/www.invicta.fr\/pt\/categorie-produit\/recuperadores\/"},{"@type":"ListItem","position":4,"name":"Recuperador ventilado","item":"https:\/\/www.invicta.fr\/pt\/categorie-produit\/recuperadores\/recuperador-ventilado\/"},{"@type":"ListItem","position":5,"name":"Recuperador ventilado 800C"}]},{"@type":"WebSite","@id":"https:\/\/www.invicta.fr\/pt\/#website","url":"https:\/\/www.invicta.fr\/pt\/","name":"Invicta","description":"Fabricant fran\u00e7ais, sp\u00e9cialiste europ\u00e9en du chauffage au bois : po\u00eales \u00e0 bois et \u00e0 granul\u00e9s, chemin\u00e9es, foyers et inserts","publisher":{"@id":"https:\/\/www.invicta.fr\/pt\/#organization"},"potentialAction":[{"@type":"SearchAction","target":{"@type":"EntryPoint","urlTemplate":"https:\/\/www.invicta.fr\/pt\/?s={search_term_string}"},"query-input":{"@type":"PropertyValueSpecification","valueRequired":true,"valueName":"search_term_string"}}],"inLanguage":"pt-PT"},{"@type":"Organization","@id":"https:\/\/www.invicta.fr\/pt\/#organization","name":"Invicta","url":"https:\/\/www.invicta.fr\/pt\/","logo":{"@type":"ImageObject","inLanguage":"pt-PT","@id":"https:\/\/www.invicta.fr\/pt\/#\/schema\/logo\/image\/","url":"https:\/\/www.invicta.fr\/wp-content\/uploads\/2019\/06\/INVICTALOGO_RVB.png","contentUrl":"https:\/\/www.invicta.fr\/wp-content\/uploads\/2019\/06\/INVICTALOGO_RVB.png","width":1810,"height":1280,"caption":"Invicta"},"image":{"@id":"https:\/\/www.invicta.fr\/pt\/#\/schema\/logo\/image\/"}}]}},"_links":{"self":[{"href":"https:\/\/www.invicta.fr\/pt\/wp-json\/wp\/v2\/product\/70936","targetHints":{"allow":["GET"]}}],"collection":[{"href":"https:\/\/www.invicta.fr\/pt\/wp-json\/wp\/v2\/product"}],"about":[{"href":"https:\/\/www.invicta.fr\/pt\/wp-json\/wp\/v2\/types\/product"}],"wp:featuredmedia":[{"embeddable":true,"href":"https:\/\/www.invicta.fr\/pt\/wp-json\/wp\/v2\/media\/45667"}],"wp:attachment":[{"href":"https:\/\/www.invicta.fr\/pt\/wp-json\/wp\/v2\/media?parent=70936"}],"wp:term":[{"taxonomy":"product_brand","embeddable":true,"href":"https:\/\/www.invicta.fr\/pt\/wp-json\/wp\/v2\/product_brand?post=70936"},{"taxonomy":"product_cat","embeddable":true,"href":"https:\/\/www.invicta.fr\/pt\/wp-json\/wp\/v2\/product_cat?post=70936"},{"taxonomy":"product_tag","embeddable":true,"href":"https:\/\/www.invicta.fr\/pt\/wp-json\/wp\/v2\/product_tag?post=70936"},{"taxonomy":"plus_produit","embeddable":true,"href":"https:\/\/www.invicta.fr\/pt\/wp-json\/wp\/v2\/plus_produit?post=70936"}],"curies":[{"name":"wp","href":"https:\/\/api.w.org\/{rel}","templated":true}]}}

<p>Esta recuperador de grande formato fornece bem-estar e conforto no seu interior. Beneficia de um alto desempenho energético ao instalar este modelo de recuperador numa lareira aberta.</p>

<!-- This site is optimized with the Yoast SEO plugin v24.7 - https://yoast.com/wordpress/plugins/seo/ -->
<title>Recuperador ventilado 800C - Invicta</title>
<meta name="description" content="Esta recuperador de grande formato fornece bem-estar e conforto no seu interior. Beneficia de um alto desempenho energético ao instalar este modelo de recuperador numa lareira aberta." />
<meta name="robots" content="index, follow, max-snippet:-1, max-image-preview:large, max-video-preview:-1" />
<link rel="canonical" href="https://www.invicta.fr/pt/produit/recuperador-ventilado-800c-copie-2/" />
<meta property="og:locale" content="pt_PT" />
<meta property="og:type" content="article" />
<meta property="og:title" content="Recuperador ventilado 800C - Invicta" />
<meta property="og:description" content="Esta recuperador de grande formato fornece bem-estar e conforto no seu interior. Beneficia de um alto desempenho energético ao instalar este modelo de recuperador numa lareira aberta." />
<meta property="og:url" content="https://www.invicta.fr/pt/produit/recuperador-ventilado-800c-copie-2/" />
<meta property="og:site_name" content="Invicta" />
<meta property="article:modified_time" content="2025-11-19T13:31:34+00:00" />
<meta property="og:image" content="https://www.invicta.fr/wp-content/uploads/2022/01/C-P900844-sans-manchette.jpg" />
	<meta property="og:image:width" content="1256" />
	<meta property="og:image:height" content="1080" />
	<meta property="og:image:type" content="image/jpeg" />
<meta name="twitter:card" content="summary_large_image" />
<script type="application/ld+json" class="yoast-schema-graph">{"@context":"https://schema.org","@graph":[{"@type":"WebPage","@id":"https://www.invicta.fr/pt/produit/recuperador-ventilado-800c-copie-2/","url":"https://www.invicta.fr/pt/produit/recuperador-ventilado-800c-copie-2/","name":"Recuperador ventilado 800C - Invicta","isPartOf":{"@id":"https://www.invicta.fr/pt/#website"},"primaryImageOfPage":{"@id":"https://www.invicta.fr/pt/produit/recuperador-ventilado-800c-copie-2/#primaryimage"},"image":{"@id":"https://www.invicta.fr/pt/produit/recuperador-ventilado-800c-copie-2/#primaryimage"},"thumbnailUrl":"https://www.invicta.fr/wp-content/uploads/2022/01/C-P900844-sans-manchette.jpg","datePublished":"2025-11-19T13:02:49+00:00","dateModified":"2025-11-19T13:31:34+00:00","description":"Esta recuperador de grande formato fornece bem-estar e conforto no seu interior. Beneficia de um alto desempenho energético ao instalar este modelo de recuperador numa lareira aberta.","breadcrumb":{"@id":"https://www.invicta.fr/pt/produit/recuperador-ventilado-800c-copie-2/#breadcrumb"},"inLanguage":"pt-PT","potentialAction":[{"@type":"ReadAction","target":["https://www.invicta.fr/pt/produit/recuperador-ventilado-800c-copie-2/"]}]},{"@type":"ImageObject","inLanguage":"pt-PT","@id":"https://www.invicta.fr/pt/produit/recuperador-ventilado-800c-copie-2/#primaryimage","url":"https://www.invicta.fr/wp-content/uploads/2022/01/C-P900844-sans-manchette.jpg","contentUrl":"https://www.invicta.fr/wp-content/uploads/2022/01/C-P900844-sans-manchette.jpg","width":1256,"height":1080,"caption":"Insert fonte Invicta 800"},{"@type":"BreadcrumbList","@id":"https://www.invicta.fr/pt/produit/recuperador-ventilado-800c-copie-2/#breadcrumb","itemListElement":[{"@type":"ListItem","position":1,"name":"Home","item":"https://www.invicta.fr/pt/"},{"@type":"ListItem","position":2,"name":"Produtos","item":"https://www.invicta.fr/pt/shop/"},{"@type":"ListItem","position":3,"name":"Recuperadores","item":"https://www.invicta.fr/pt/categorie-produit/recuperadores/"},{"@type":"ListItem","position":4,"name":"Recuperador ventilado","item":"https://www.invicta.fr/pt/categorie-produit/recuperadores/recuperador-ventilado/"},{"@type":"ListItem","position":5,"name":"Recuperador ventilado 800C"}]},{"@type":"WebSite","@id":"https://www.invicta.fr/pt/#website","url":"https://www.invicta.fr/pt/","name":"Invicta","description":"Fabricant français, spécialiste européen du chauffage au bois : poêles à bois et à granulés, cheminées, foyers et inserts","publisher":{"@id":"https://www.invicta.fr/pt/#organization"},"potentialAction":[{"@type":"SearchAction","target":{"@type":"EntryPoint","urlTemplate":"https://www.invicta.fr/pt/?s={search_term_string}"},"query-input":{"@type":"PropertyValueSpecification","valueRequired":true,"valueName":"search_term_string"}}],"inLanguage":"pt-PT"},{"@type":"Organization","@id":"https://www.invicta.fr/pt/#organization","name":"Invicta","url":"https://www.invicta.fr/pt/","logo":{"@type":"ImageObject","inLanguage":"pt-PT","@id":"https://www.invicta.fr/pt/#/schema/logo/image/","url":"https://www.invicta.fr/wp-content/uploads/2019/06/INVICTALOGO_RVB.png","contentUrl":"https://www.invicta.fr/wp-content/uploads/2019/06/INVICTALOGO_RVB.png","width":1810,"height":1280,"caption":"Invicta"},"image":{"@id":"https://www.invicta.fr/pt/#/schema/logo/image/"}}]}</script>
<!-- / Yoast SEO plugin. -->

Esta recuperador de grande formato fornece bem-estar e conforto no seu interior. Beneficia de um alto desempenho energético ao instalar este modelo de recuperador numa lareira aberta.

Fabricant français, spécialiste européen du chauffage au bois : poêles à bois et à granulés, cheminées, foyers et inserts
